{"id":1037,"date":"2018-08-29T14:14:09","date_gmt":"2018-08-29T17:14:09","guid":{"rendered":"https:\/\/spangenberg-caba.infd.edu.ar\/sitio\/nivel-primario\/"},"modified":"2019-06-25T10:40:01","modified_gmt":"2019-06-25T13:40:01","slug":"nivel-primario","status":"publish","type":"page","link":"https:\/\/spangenberg-caba.infd.edu.ar\/sitio\/nivel-primario\/","title":{"rendered":"Nivel Primario"},"content":{"rendered":"<p class=\"MsoNormal\" style=\"margin: 0cm 0cm 0pt; text-indent: 35.45pt; line-height: 150%; text-align: justify;\"><br style=\"font-family: Arial;\" \/><span style=\"font-family: trebuchet ms,geneva; font-size: 12pt;\">El Nivel Primario de la escuela ofrece a sus alumnos un ambiente alfabetizador, una educaci\u00f3n capaz de convertir saberes previos en puntos de partida y de significaci\u00f3n hacia saberes nuevos, para poder resolver adecuadamente los desaf\u00edos de la vida social. <\/span><\/p>\n<p><span style=\"font-family: trebuchet ms,geneva; font-size: 12pt;\">Nuestra propuesta desde el aula y en todo el \u00e1mbito de la Escuela es ense\u00f1ar a pensar, a comprender y a valorar principios. Trabajamos por una escuela integradora de saberes y conductas, una escuela abierta a todos.<\/span><\/p>\n<p><span style=\"font-family: trebuchet ms,geneva; font-size: 12pt;\">El Departamento de Franc\u00e9s de Nivel Primario, desarrolla un taller de teatro con el fin de favorecer la expresi\u00f3n oral y escrita en el aprendizaje de la lengua extranjera.<\/span><\/p>\n<p><span style=\"font-family: trebuchet ms,geneva; font-size: 12pt;\">Asimismo, tanto en Franc\u00e9s como en Ingl\u00e9s y en Portugu\u00e9s, se realizan talleres de lectura, con una adecuada selecci\u00f3n de textos para cada edad.<\/span><\/p>\n<p><span style=\"font-family: trebuchet ms,geneva; font-size: 12pt;\">El Departamento de Idiomas ofrece a los alumnos de 5to y 7mo grado, rendir los ex\u00e1menes CLE y DELF, instancias en que son evaluados en otra instituci\u00f3n y por diferentes profesores.<\/span><\/p>\n<p><span style=\"font-family: trebuchet ms,geneva; font-size: 12pt;\">Desde el arte, se incentiva a los ni\u00f1os a desarrollar su creatividad brind\u00e1ndoles un espacio y un tiempo para expresarse con pautas acordadas. \u00a0<\/span><\/p>\n<p class=\"MsoNormal\" style=\"margin: 0cm 0cm 0pt; text-indent: 35.45pt; line-height: 150%; text-align: justify;\">\n<p><a href=\"https:\/\/drive.google.com\/file\/d\/1PAZMuy15uTtVHwTFESz5mHPxdBEbLLao\/view?usp=sharing\"><img decoding=\"async\" loading=\"lazy\" class=\"size-full wp-image-1706 aligncenter\" src=\"https:\/\/spangenberg-caba.infd.edu.ar\/sitio\/wp-content\/uploads\/2019\/06\/tallerFlias.png\" alt=\"\" width=\"801\" height=\"593\" srcset=\"https:\/\/spangenberg-caba.infd.edu.ar\/sitio\/wp-content\/uploads\/2019\/06\/tallerFlias.png 801w, https:\/\/spangenberg-caba.infd.edu.ar\/sitio\/wp-content\/uploads\/2019\/06\/tallerFlias-768x569.png 768w\" sizes=\"(max-width: 801px) 100vw, 801px\" \/><\/a><\/p>\n","protected":false},"excerpt":{"rendered":"<p>El Nivel Primario de la escuela ofrece a sus alumnos un ambiente alfabetizador, una educaci\u00f3n capaz de convertir saberes previos en puntos de partida y de significaci\u00f3n hacia saberes nuevos, para poder resolver adecuadamente los desaf\u00edos de la vida social. Nuestra propuesta desde el aula y en todo el \u00e1mbito de la Escuela es ense\u00f1ar &#8230; <a title=\"Nivel Primario\" class=\"read-more\" href=\"https:\/\/spangenberg-caba.infd.edu.ar\/sitio\/nivel-primario\/\" aria-label=\"More on Nivel Primario\">[+]<\/a><\/p>\n","protected":false},"author":91,"featured_media":0,"parent":0,"menu_order":0,"comment_status":"closed","ping_status":"closed","template":"","meta":[],"acf":[],"_links":{"self":[{"href":"https:\/\/spangenberg-caba.infd.edu.ar\/sitio\/wp-json\/wp\/v2\/pages\/1037"}],"collection":[{"href":"https:\/\/spangenberg-caba.infd.edu.ar\/sitio\/wp-json\/wp\/v2\/pages"}],"about":[{"href":"https:\/\/spangenberg-caba.infd.edu.ar\/sitio\/wp-json\/wp\/v2\/types\/page"}],"author":[{"embeddable":true,"href":"https:\/\/spangenberg-caba.infd.edu.ar\/sitio\/wp-json\/wp\/v2\/users\/91"}],"replies":[{"embeddable":true,"href":"https:\/\/spangenberg-caba.infd.edu.ar\/sitio\/wp-json\/wp\/v2\/comments?post=1037"}],"version-history":[{"count":2,"href":"https:\/\/spangenberg-caba.infd.edu.ar\/sitio\/wp-json\/wp\/v2\/pages\/1037\/revisions"}],"predecessor-version":[{"id":1708,"href":"https:\/\/spangenberg-caba.infd.edu.ar\/sitio\/wp-json\/wp\/v2\/pages\/1037\/revisions\/1708"}],"wp:attachment":[{"href":"https:\/\/spangenberg-caba.infd.edu.ar\/sitio\/wp-json\/wp\/v2\/media?parent=1037"}],"curies":[{"name":"wp","href":"https:\/\/api.w.org\/{rel}","templated":true}]}}