{"id":1136,"date":"2018-08-29T14:14:59","date_gmt":"2018-08-29T17:14:59","guid":{"rendered":"https:\/\/spangenberg-caba.infd.edu.ar\/sitio\/normativa-e-ingreso\/"},"modified":"2024-04-25T13:47:52","modified_gmt":"2024-04-25T16:47:52","slug":"normativa-e-ingreso","status":"publish","type":"page","link":"https:\/\/spangenberg-caba.infd.edu.ar\/sitio\/normativa-e-ingreso\/","title":{"rendered":"Normativa"},"content":{"rendered":"<p style=\"text-align: left;\"><span class=\"C9DxTc \">En esta secci\u00f3n pod\u00e9s encontrar <\/span><span class=\"C9DxTc \">los reglamentos vigentes que regulan el funcionamiento general del terciario. Los m\u00e1s importantes son el <a href=\"https:\/\/drive.google.com\/file\/d\/1tvteDxyruCxsXfz6_gmJRETJNnnXcOts\/view?usp=sharing\">Reglamento Org\u00e1nico Institucional (ROI)<\/a> y el <a href=\"https:\/\/drive.google.com\/file\/d\/1WnY_elJW63mpGmjI4L66CZ6sbY9yuknN\/view?usp=sharing\">Reglamento Acad\u00e9mico Institucional (RAI).<\/a>\u00a0<\/span><\/p>\n<p>Adem\u00e1s, cada carrera, \u00f3rgano institucional o diferentes funciones, pueden contar con reglamentos espec\u00edficos. Pueden consultarlos <a href=\"https:\/\/sites.google.com\/view\/terciariolenguitas\/institucional\/reglamentos?authuser=0\">ac\u00e1<\/a>.<\/p>\n<h3 style=\"text-align: left;\"><\/h3>\n","protected":false},"excerpt":{"rendered":"<p>En esta secci\u00f3n pod\u00e9s encontrar los reglamentos vigentes que regulan el funcionamiento general del terciario. Los m\u00e1s importantes son el Reglamento Org\u00e1nico Institucional (ROI) y el Reglamento Acad\u00e9mico Institucional (RAI).\u00a0 Adem\u00e1s, cada carrera, \u00f3rgano institucional o diferentes funciones, pueden contar con reglamentos espec\u00edficos. Pueden consultarlos ac\u00e1.<\/p>\n","protected":false},"author":91,"featured_media":0,"parent":0,"menu_order":0,"comment_status":"closed","ping_status":"closed","template":"","meta":[],"acf":[],"_links":{"self":[{"href":"https:\/\/spangenberg-caba.infd.edu.ar\/sitio\/wp-json\/wp\/v2\/pages\/1136"}],"collection":[{"href":"https:\/\/spangenberg-caba.infd.edu.ar\/sitio\/wp-json\/wp\/v2\/pages"}],"about":[{"href":"https:\/\/spangenberg-caba.infd.edu.ar\/sitio\/wp-json\/wp\/v2\/types\/page"}],"author":[{"embeddable":true,"href":"https:\/\/spangenberg-caba.infd.edu.ar\/sitio\/wp-json\/wp\/v2\/users\/91"}],"replies":[{"embeddable":true,"href":"https:\/\/spangenberg-caba.infd.edu.ar\/sitio\/wp-json\/wp\/v2\/comments?post=1136"}],"version-history":[{"count":3,"href":"https:\/\/spangenberg-caba.infd.edu.ar\/sitio\/wp-json\/wp\/v2\/pages\/1136\/revisions"}],"predecessor-version":[{"id":3413,"href":"https:\/\/spangenberg-caba.infd.edu.ar\/sitio\/wp-json\/wp\/v2\/pages\/1136\/revisions\/3413"}],"wp:attachment":[{"href":"https:\/\/spangenberg-caba.infd.edu.ar\/sitio\/wp-json\/wp\/v2\/media?parent=1136"}],"curies":[{"name":"wp","href":"https:\/\/api.w.org\/{rel}","templated":true}]}}