{"id":1165,"date":"2018-08-29T14:15:13","date_gmt":"2018-08-29T17:15:13","guid":{"rendered":"https:\/\/spangenberg-caba.infd.edu.ar\/sitio\/profesorados-de-ingles\/"},"modified":"2024-04-26T11:45:51","modified_gmt":"2024-04-26T14:45:51","slug":"profesorados-de-ingles","status":"publish","type":"page","link":"https:\/\/spangenberg-caba.infd.edu.ar\/sitio\/profesorados-de-ingles\/","title":{"rendered":"Profesorado de Ingl\u00e9s"},"content":{"rendered":"<div class=\"CjVfdc\"><span class=\"gBYvFf C9DxTc \">El Profesorado de Ingl\u00e9s que se dicta en nuestra instituci\u00f3n forma docentes de ingl\u00e9s con habilitaci\u00f3n para ense\u00f1ar en todos los niveles del sistema educativo: inicial, primaria y secundaria (plan de 4 a\u00f1os) y tambi\u00e9n nivel superior (plan de 5 a\u00f1os). Todos nuestros Planes de Estudio cuentan con validez nacional.<\/span><\/div>\n<div><\/div>\n<div>\n<div class=\"CjVfdc CJIdie\"><span class=\"C9DxTc \">El plan de estudios de 4 a\u00f1os cuenta con\u00a0<\/span><span class=\"C9DxTc \">49 materias (13 anuales, 36 cuatrimestrales)\u00a0<\/span><span class=\"C9DxTc \">y habilita para le ense\u00f1anza en el nivel inicial, primario y secundario.\u00a0 El plan de estudios de 5 a\u00f1os cuenta con\u00a0<\/span><span class=\"C9DxTc \">55 materias (13 anuales y 42 cuatrimestrales)<\/span><span class=\"C9DxTc \">\u00a0y habilita para la ense\u00f1anza de los tres niveles anteriores y adem\u00e1s el nivel superior.<\/span><\/div>\n<\/div>\n<div><\/div>\n<div>Para m\u00e1s informaci\u00f3n sobre los Planes de Estudio, las caracter\u00edsticas de la carrera, el sistema de correlatividades, los campos en los que se divide, hagan click <a href=\"https:\/\/sites.google.com\/view\/terciariolenguitas\/carreras\/profesorado-de-ingl%C3%A9s?authuser=0\">ac\u00e1<\/a><\/div>\n<p style=\"text-align: center;\">\n<p style=\"text-align: center;\">\n<hr \/>\n","protected":false},"excerpt":{"rendered":"<p>El Profesorado de Ingl\u00e9s que se dicta en nuestra instituci\u00f3n forma docentes de ingl\u00e9s con habilitaci\u00f3n para ense\u00f1ar en todos los niveles del sistema educativo: inicial, primaria y secundaria (plan de 4 a\u00f1os) y tambi\u00e9n nivel superior (plan de 5 a\u00f1os). Todos nuestros Planes de Estudio cuentan con validez nacional. El plan de estudios de &#8230; <a title=\"Profesorado de Ingl\u00e9s\" class=\"read-more\" href=\"https:\/\/spangenberg-caba.infd.edu.ar\/sitio\/profesorados-de-ingles\/\" aria-label=\"More on Profesorado de Ingl\u00e9s\">[+]<\/a><\/p>\n","protected":false},"author":91,"featured_media":0,"parent":0,"menu_order":0,"comment_status":"closed","ping_status":"closed","template":"","meta":[],"acf":[],"_links":{"self":[{"href":"https:\/\/spangenberg-caba.infd.edu.ar\/sitio\/wp-json\/wp\/v2\/pages\/1165"}],"collection":[{"href":"https:\/\/spangenberg-caba.infd.edu.ar\/sitio\/wp-json\/wp\/v2\/pages"}],"about":[{"href":"https:\/\/spangenberg-caba.infd.edu.ar\/sitio\/wp-json\/wp\/v2\/types\/page"}],"author":[{"embeddable":true,"href":"https:\/\/spangenberg-caba.infd.edu.ar\/sitio\/wp-json\/wp\/v2\/users\/91"}],"replies":[{"embeddable":true,"href":"https:\/\/spangenberg-caba.infd.edu.ar\/sitio\/wp-json\/wp\/v2\/comments?post=1165"}],"version-history":[{"count":4,"href":"https:\/\/spangenberg-caba.infd.edu.ar\/sitio\/wp-json\/wp\/v2\/pages\/1165\/revisions"}],"predecessor-version":[{"id":3432,"href":"https:\/\/spangenberg-caba.infd.edu.ar\/sitio\/wp-json\/wp\/v2\/pages\/1165\/revisions\/3432"}],"wp:attachment":[{"href":"https:\/\/spangenberg-caba.infd.edu.ar\/sitio\/wp-json\/wp\/v2\/media?parent=1165"}],"curies":[{"name":"wp","href":"https:\/\/api.w.org\/{rel}","templated":true}]}}