{"id":1167,"date":"2018-08-29T14:15:14","date_gmt":"2018-08-29T17:15:14","guid":{"rendered":"https:\/\/spangenberg-caba.infd.edu.ar\/sitio\/traductorado\/"},"modified":"2024-04-26T11:54:56","modified_gmt":"2024-04-26T14:54:56","slug":"traductorado","status":"publish","type":"page","link":"https:\/\/spangenberg-caba.infd.edu.ar\/sitio\/traductorado\/","title":{"rendered":"Traductorado de ingl\u00e9s"},"content":{"rendered":"<div class=\"CjVfdc CJIdie\"><span class=\"gBYvFf C9DxTc \">El\u00a0<\/span><span class=\"gBYvFf C9DxTc \">Traductorado\u00a0<\/span><span class=\"gBYvFf C9DxTc \">de Ingl\u00e9s que se dicta en nuestra insituci\u00f3n forma <\/span><span class=\"gBYvFf C9DxTc \">profesionales de traducci\u00f3n<\/span><span class=\"gBYvFf C9DxTc \">\u00a0de ingl\u00e9s-espa\u00f1ol \/ espa\u00f1ol-ingl\u00e9s, con especializaci\u00f3n en\u00a0<\/span><span class=\"gBYvFf C9DxTc \">\u00e1reas t\u00e9cnicas, cient\u00edficas y literarias, y con formaci\u00f3n en traducci\u00f3n inversa e interpretaci\u00f3n.<\/span><\/div>\n<div>\n<div class=\"CjVfdc CJIdie\"><span class=\"C9DxTc \">El plan de estudios actual es de 4 a\u00f1os y un cuatrimestre,\u00a0<\/span><span class=\"C9DxTc \">con 30 materias anuales obligatorias y una residencia<\/span><span class=\"C9DxTc \">. Se encuentra en proceso de aprobaci\u00f3n un nuevo plan de estudios que contempla una combinaci\u00f3n de materias cuatrimestrales y anuales.<\/span><\/div>\n<div>Para m\u00e1s informaci\u00f3n sobre el Plan de Estudios, el sistema de correlatividades, los campos en los que se divide la carrera, etc. hagan click <a href=\"https:\/\/sites.google.com\/view\/terciariolenguitas\/carreras\/traductorado-t%C3%A9cnico-cient%C3%ADfico-y-literario-en-ingl%C3%A9s?authuser=0\">ac\u00e1<\/a>.<\/div>\n<\/div>\n<hr \/>\n","protected":false},"excerpt":{"rendered":"<p>El\u00a0Traductorado\u00a0de Ingl\u00e9s que se dicta en nuestra insituci\u00f3n forma profesionales de traducci\u00f3n\u00a0de ingl\u00e9s-espa\u00f1ol \/ espa\u00f1ol-ingl\u00e9s, con especializaci\u00f3n en\u00a0\u00e1reas t\u00e9cnicas, cient\u00edficas y literarias, y con formaci\u00f3n en traducci\u00f3n inversa e interpretaci\u00f3n. El plan de estudios actual es de 4 a\u00f1os y un cuatrimestre,\u00a0con 30 materias anuales obligatorias y una residencia. Se encuentra en proceso de aprobaci\u00f3n &#8230; <a title=\"Traductorado de ingl\u00e9s\" class=\"read-more\" href=\"https:\/\/spangenberg-caba.infd.edu.ar\/sitio\/traductorado\/\" aria-label=\"More on Traductorado de ingl\u00e9s\">[+]<\/a><\/p>\n","protected":false},"author":91,"featured_media":0,"parent":0,"menu_order":0,"comment_status":"closed","ping_status":"closed","template":"","meta":[],"acf":[],"_links":{"self":[{"href":"https:\/\/spangenberg-caba.infd.edu.ar\/sitio\/wp-json\/wp\/v2\/pages\/1167"}],"collection":[{"href":"https:\/\/spangenberg-caba.infd.edu.ar\/sitio\/wp-json\/wp\/v2\/pages"}],"about":[{"href":"https:\/\/spangenberg-caba.infd.edu.ar\/sitio\/wp-json\/wp\/v2\/types\/page"}],"author":[{"embeddable":true,"href":"https:\/\/spangenberg-caba.infd.edu.ar\/sitio\/wp-json\/wp\/v2\/users\/91"}],"replies":[{"embeddable":true,"href":"https:\/\/spangenberg-caba.infd.edu.ar\/sitio\/wp-json\/wp\/v2\/comments?post=1167"}],"version-history":[{"count":14,"href":"https:\/\/spangenberg-caba.infd.edu.ar\/sitio\/wp-json\/wp\/v2\/pages\/1167\/revisions"}],"predecessor-version":[{"id":3437,"href":"https:\/\/spangenberg-caba.infd.edu.ar\/sitio\/wp-json\/wp\/v2\/pages\/1167\/revisions\/3437"}],"wp:attachment":[{"href":"https:\/\/spangenberg-caba.infd.edu.ar\/sitio\/wp-json\/wp\/v2\/media?parent=1167"}],"curies":[{"name":"wp","href":"https:\/\/api.w.org\/{rel}","templated":true}]}}