{"id":1549,"date":"2019-05-10T09:19:38","date_gmt":"2019-05-10T12:19:38","guid":{"rendered":"https:\/\/spangenberg-caba.infd.edu.ar\/sitio\/?page_id=1549"},"modified":"2019-05-10T09:19:38","modified_gmt":"2019-05-10T12:19:38","slug":"materiales-de-consulta","status":"publish","type":"page","link":"https:\/\/spangenberg-caba.infd.edu.ar\/sitio\/materiales-de-consulta\/","title":{"rendered":"Materiales de Consulta"},"content":{"rendered":"<p>Compartimos <strong>Material de Consulta<\/strong> para toda la Comunidad Educativa del Leng\u00fcitas.<\/p>\n<p><strong>Sindrome de Asperger<\/strong><\/p>\n<p>\u25ca <a href=\"https:\/\/drive.google.com\/file\/d\/1f9od9FUPXV-FviZYsjHAWEOMNF5MuNGh\/view?usp=sharing\">El s\u00edndrome de Asperger<\/a><\/p>\n<hr \/>\n<p style=\"font-weight: 400;\">Ponemos\u00a0a disposici\u00f3n los materiales elaborados por el Equipo de Estrategias Preventivas en \u00c1mbitos Educativos de SEDRONAR. Se puede acceder a los mismos a trav\u00e9s de la p\u00e1gina web de esta Secretar\u00eda, haciendo click en\u00a0<strong>\u201cPreveni en tu Medio\u201d &#8211; \u201dEn la escuela\u201d.<\/strong><\/p>\n<p style=\"font-weight: 400;\">O bien, haciendo click en siguiente link:<\/p>\n<p style=\"font-weight: 400;\"><a href=\"https:\/\/www.argentina.gob.ar\/publicaciones-sobre-prevencion-en-el-ambito-educativo\" data-saferedirecturl=\"https:\/\/www.google.com\/url?q=https:\/\/www.argentina.gob.ar\/publicaciones-sobre-prevencion-en-el-ambito-educativo&amp;source=gmail&amp;ust=1557575366194000&amp;usg=AFQjCNGNcx5AnPBCh0QpEBPz73_WN7-0oA\">https:\/\/www.argentina.gob.ar\/publicaciones-sobre-prevencion-en-el-ambito-educativo<\/a><\/p>\n<p style=\"font-weight: 400;\">All\u00ed encontrar\u00e1n las tres l\u00edneas de trabajo elaboradas por SEDRONAR sobre prevenci\u00f3n en \u00e1mbitos educativos, acorde al marco general de trabajo definido por los\u00a0<strong><u>lineamientos curriculares aprobados por el Consejo Federal de Educaci\u00f3n (RES CFE 256\/15) del Ministerio de Educaci\u00f3n de la Naci\u00f3n.<\/u><\/strong><\/p>\n<p style=\"font-weight: 400;\">Nos parece relevante que accedan a los materiales denominados:<\/p>\n<p style=\"font-weight: 400;\">&#8211; \u201c<strong>Orientaci\u00f3n para el Abordaje de los Lineamientos Curriculares para la Prevenci\u00f3n de las Adicciones<\/strong>\u201d<\/p>\n<p style=\"font-weight: 400;\">&#8211; \u201c<strong>Orientaci\u00f3n para la Intervenci\u00f3n en Situaciones de Consumo Problem\u00e1tico de Sustancias en la Escuela<\/strong>\u201d<\/p>\n<p style=\"font-weight: 400;\">&#8211; \u201c<strong>Proyectos Integrales Preventivos- Mediaciones te\u00f3rico- metodol\u00f3gicas para las Comunidades Educativas<\/strong>\u201d<\/p>\n<p style=\"font-weight: 400;\">Tambi\u00e9n hay all\u00ed material did\u00e1ctico sugerido para el trabajo con nivel primario y el nivel inicial.<\/p>\n<p><a href=\"https:\/\/drive.google.com\/file\/d\/1Wz5ZsYMLoDvv84gdEw6ZVN5uO47d1PS4\/view?usp=sharing\"><img decoding=\"async\" loading=\"lazy\" class=\"wp-image-1550 alignleft\" src=\"https:\/\/spangenberg-caba.infd.edu.ar\/sitio\/wp-content\/uploads\/2019\/05\/Prevencion_Adultos.jpg\" alt=\"\" width=\"234\" height=\"335\" \/><\/a><a href=\"https:\/\/drive.google.com\/file\/d\/1w0e8ma-02r7Pq5z99cbq56PM1pw_Usu-\/view?usp=sharing\"><img decoding=\"async\" loading=\"lazy\" class=\"wp-image-1551 alignleft\" src=\"https:\/\/spangenberg-caba.infd.edu.ar\/sitio\/wp-content\/uploads\/2019\/05\/Prevencion_Inicial.jpg\" alt=\"\" width=\"237\" height=\"335\" \/><\/a> <a href=\"https:\/\/drive.google.com\/file\/d\/159jHxPhcJqV0WC6p7MA7CmF4KmhFY1CW\/view?usp=sharing\"><img decoding=\"async\" loading=\"lazy\" class=\"wp-image-1552 alignleft\" src=\"https:\/\/spangenberg-caba.infd.edu.ar\/sitio\/wp-content\/uploads\/2019\/05\/Prevencion_Primario.jpg\" alt=\"\" width=\"244\" height=\"344\" \/><\/a><\/p>\n","protected":false},"excerpt":{"rendered":"<p>Compartimos Material de Consulta para toda la Comunidad Educativa del Leng\u00fcitas. Sindrome de Asperger \u25ca El s\u00edndrome de Asperger Ponemos\u00a0a disposici\u00f3n los materiales elaborados por el Equipo de Estrategias Preventivas en \u00c1mbitos Educativos de SEDRONAR. Se puede acceder a los mismos a trav\u00e9s de la p\u00e1gina web de esta Secretar\u00eda, haciendo click en\u00a0\u201cPreveni en tu &#8230; <a title=\"Materiales de Consulta\" class=\"read-more\" href=\"https:\/\/spangenberg-caba.infd.edu.ar\/sitio\/materiales-de-consulta\/\" aria-label=\"More on Materiales de Consulta\">[+]<\/a><\/p>\n","protected":false},"author":1112,"featured_media":0,"parent":0,"menu_order":0,"comment_status":"closed","ping_status":"closed","template":"","meta":[],"acf":[],"_links":{"self":[{"href":"https:\/\/spangenberg-caba.infd.edu.ar\/sitio\/wp-json\/wp\/v2\/pages\/1549"}],"collection":[{"href":"https:\/\/spangenberg-caba.infd.edu.ar\/sitio\/wp-json\/wp\/v2\/pages"}],"about":[{"href":"https:\/\/spangenberg-caba.infd.edu.ar\/sitio\/wp-json\/wp\/v2\/types\/page"}],"author":[{"embeddable":true,"href":"https:\/\/spangenberg-caba.infd.edu.ar\/sitio\/wp-json\/wp\/v2\/users\/1112"}],"replies":[{"embeddable":true,"href":"https:\/\/spangenberg-caba.infd.edu.ar\/sitio\/wp-json\/wp\/v2\/comments?post=1549"}],"version-history":[{"count":1,"href":"https:\/\/spangenberg-caba.infd.edu.ar\/sitio\/wp-json\/wp\/v2\/pages\/1549\/revisions"}],"predecessor-version":[{"id":1553,"href":"https:\/\/spangenberg-caba.infd.edu.ar\/sitio\/wp-json\/wp\/v2\/pages\/1549\/revisions\/1553"}],"wp:attachment":[{"href":"https:\/\/spangenberg-caba.infd.edu.ar\/sitio\/wp-json\/wp\/v2\/media?parent=1549"}],"curies":[{"name":"wp","href":"https:\/\/api.w.org\/{rel}","templated":true}]}}

<p>Compartimos <strong>Material de Consulta</strong> para toda la Comunidad Educativa del Lengüitas.</p>
<p><strong>Sindrome de Asperger</strong></p>
<p>◊ <a href="https://drive.google.com/file/d/1f9od9FUPXV-FviZYsjHAWEOMNF5MuNGh/view?usp=sharing">El síndrome de Asperger</a></p>
<hr />
<p style="font-weight: 400;">Ponemos a disposición los materiales elaborados por el Equipo de Estrategias Preventivas en Ámbitos Educativos de SEDRONAR. Se puede acceder a los mismos a través de la página web de esta Secretaría, haciendo click en <strong>“Preveni en tu Medio” &#8211; ”En la escuela”.</strong></p>
<p style="font-weight: 400;">O bien, haciendo click en siguiente link:</p>
<p style="font-weight: 400;"><a href="https://www.argentina.gob.ar/publicaciones-sobre-prevencion-en-el-ambito-educativo" data-saferedirecturl="https://www.google.com/url?q=https://www.argentina.gob.ar/publicaciones-sobre-prevencion-en-el-ambito-educativo&amp;source=gmail&amp;ust=1557575366194000&amp;usg=AFQjCNGNcx5AnPBCh0QpEBPz73_WN7-0oA">https://www.argentina.gob.ar/publicaciones-sobre-prevencion-en-el-ambito-educativo</a></p>
<p style="font-weight: 400;">Allí encontrarán las tres líneas de trabajo elaboradas por SEDRONAR sobre prevención en ámbitos educativos, acorde al marco general de trabajo definido por los <strong><u>lineamientos curriculares aprobados por el Consejo Federal de Educación (RES CFE 256/15) del Ministerio de Educación de la Nación.</u></strong></p>
<p style="font-weight: 400;">Nos parece relevante que accedan a los materiales denominados:</p>
<p style="font-weight: 400;">&#8211; “<strong>Orientación para el Abordaje de los Lineamientos Curriculares para la Prevención de las Adicciones</strong>”</p>
<p style="font-weight: 400;">&#8211; “<strong>Orientación para la Intervención en Situaciones de Consumo Problemático de Sustancias en la Escuela</strong>”</p>
<p style="font-weight: 400;">&#8211; “<strong>Proyectos Integrales Preventivos- Mediaciones teórico- metodológicas para las Comunidades Educativas</strong>”</p>
<p style="font-weight: 400;">También hay allí material didáctico sugerido para el trabajo con nivel primario y el nivel inicial.</p>
<p><a href="https://drive.google.com/file/d/1Wz5ZsYMLoDvv84gdEw6ZVN5uO47d1PS4/view?usp=sharing"><img decoding="async" loading="lazy" class="wp-image-1550 alignleft" src="https://spangenberg-caba.infd.edu.ar/sitio/wp-content/uploads/2019/05/Prevencion_Adultos.jpg" alt="" width="234" height="335" /></a><a href="https://drive.google.com/file/d/1w0e8ma-02r7Pq5z99cbq56PM1pw_Usu-/view?usp=sharing"><img decoding="async" loading="lazy" class="wp-image-1551 alignleft" src="https://spangenberg-caba.infd.edu.ar/sitio/wp-content/uploads/2019/05/Prevencion_Inicial.jpg" alt="" width="237" height="335" /></a> <a href="https://drive.google.com/file/d/159jHxPhcJqV0WC6p7MA7CmF4KmhFY1CW/view?usp=sharing"><img decoding="async" loading="lazy" class="wp-image-1552 alignleft" src="https://spangenberg-caba.infd.edu.ar/sitio/wp-content/uploads/2019/05/Prevencion_Primario.jpg" alt="" width="244" height="344" /></a></p>

<p>Compartimos Material de Consulta para toda la Comunidad Educativa del Lengüitas. Sindrome de Asperger ◊ El síndrome de Asperger Ponemos a disposición los materiales elaborados por el Equipo de Estrategias Preventivas en Ámbitos Educativos de SEDRONAR. Se puede acceder a los mismos a través de la página web de esta Secretaría, haciendo click en “Preveni en tu &#8230; <a title="Materiales de Consulta" class="read-more" href="https://spangenberg-caba.infd.edu.ar/sitio/materiales-de-consulta/" aria-label="More on Materiales de Consulta">[+]</a></p>
