{"id":1938,"date":"2020-03-08T10:15:49","date_gmt":"2020-03-08T13:15:49","guid":{"rendered":"https:\/\/spangenberg-caba.infd.edu.ar\/sitio\/?page_id=1938"},"modified":"2020-03-08T10:18:52","modified_gmt":"2020-03-08T13:18:52","slug":"recomendaciones-frente-al-coronavirus-covid-19","status":"publish","type":"page","link":"https:\/\/spangenberg-caba.infd.edu.ar\/sitio\/recomendaciones-frente-al-coronavirus-covid-19\/","title":{"rendered":"Recomendaciones frente al Coronavirus COVID-19"},"content":{"rendered":"<p><img decoding=\"async\" loading=\"lazy\" class=\"size-full wp-image-1936 alignright\" src=\"https:\/\/spangenberg-caba.infd.edu.ar\/sitio\/wp-content\/uploads\/2020\/03\/coronavirus.jpg\" alt=\"\" width=\"425\" height=\"509\" \/><\/p>\n<p><span style=\"color: #000080;\">El Ministerio de Educaci\u00f3n de la Naci\u00f3n, mediante la resoluci\u00f3n 2020-82-APN-ME recomienda la adopci\u00f3n de medidas preventivas en los establecimientos educativos de todos los niveles y modalidades del pa\u00eds (educaci\u00f3n inicial, primaria, secundaria, superior y universitaria) sean \u00e9stos de gesti\u00f3n estatal o privada.<\/span><\/p>\n<p><span style=\"font-weight: 400;\">La resoluci\u00f3n hace hincapi\u00e9 en la prevenci\u00f3n, por ello se solicita a aquellas personas que hayan regresado de viaje en las \u00e1reas de circulaci\u00f3n y transmisi\u00f3n de coronavirus a quedarse en sus hogares, a\u00fan aquellos que no presenten s\u00edntomas. Esta recomendaci\u00f3n incluye a estudiantes, docentes y personal no docente. Al respecto, el titular de la cartera educativa, Nicol\u00e1s Trotta, enfatiz\u00f3: \u00ab<strong>Es importante que\u00a0 permanezcan en el domicilio sin concurrir al establecimiento y evitar el contacto social por 14 d\u00edas<\/strong>\u201d.<\/span><\/p>\n<p><a href=\"https:\/\/www.argentina.gob.ar\/noticias\/recomendaciones-frente-al-coronavirus\">https:\/\/www.argentina.gob.ar\/noticias\/recomendaciones-frente-al-coronavirus<\/a><\/p>\n<p>&nbsp;<\/p>\n<p>&nbsp;<\/p>\n","protected":false},"excerpt":{"rendered":"<p>El Ministerio de Educaci\u00f3n de la Naci\u00f3n, mediante la resoluci\u00f3n 2020-82-APN-ME recomienda la adopci\u00f3n de medidas preventivas en los establecimientos educativos de todos los niveles y modalidades del pa\u00eds (educaci\u00f3n inicial, primaria, secundaria, superior y universitaria) sean \u00e9stos de gesti\u00f3n estatal o privada. La resoluci\u00f3n hace hincapi\u00e9 en la prevenci\u00f3n, por ello se solicita a &#8230; <a title=\"Recomendaciones frente al Coronavirus COVID-19\" class=\"read-more\" href=\"https:\/\/spangenberg-caba.infd.edu.ar\/sitio\/recomendaciones-frente-al-coronavirus-covid-19\/\" aria-label=\"More on Recomendaciones frente al Coronavirus COVID-19\">[+]<\/a><\/p>\n","protected":false},"author":1112,"featured_media":0,"parent":0,"menu_order":0,"comment_status":"closed","ping_status":"closed","template":"","meta":[],"acf":[],"_links":{"self":[{"href":"https:\/\/spangenberg-caba.infd.edu.ar\/sitio\/wp-json\/wp\/v2\/pages\/1938"}],"collection":[{"href":"https:\/\/spangenberg-caba.infd.edu.ar\/sitio\/wp-json\/wp\/v2\/pages"}],"about":[{"href":"https:\/\/spangenberg-caba.infd.edu.ar\/sitio\/wp-json\/wp\/v2\/types\/page"}],"author":[{"embeddable":true,"href":"https:\/\/spangenberg-caba.infd.edu.ar\/sitio\/wp-json\/wp\/v2\/users\/1112"}],"replies":[{"embeddable":true,"href":"https:\/\/spangenberg-caba.infd.edu.ar\/sitio\/wp-json\/wp\/v2\/comments?post=1938"}],"version-history":[{"count":2,"href":"https:\/\/spangenberg-caba.infd.edu.ar\/sitio\/wp-json\/wp\/v2\/pages\/1938\/revisions"}],"predecessor-version":[{"id":1941,"href":"https:\/\/spangenberg-caba.infd.edu.ar\/sitio\/wp-json\/wp\/v2\/pages\/1938\/revisions\/1941"}],"wp:attachment":[{"href":"https:\/\/spangenberg-caba.infd.edu.ar\/sitio\/wp-json\/wp\/v2\/media?parent=1938"}],"curies":[{"name":"wp","href":"https:\/\/api.w.org\/{rel}","templated":true}]}}