{"id":1992,"date":"2020-03-12T12:13:21","date_gmt":"2020-03-12T15:13:21","guid":{"rendered":"https:\/\/spangenberg-caba.infd.edu.ar\/sitio\/?page_id=1992"},"modified":"2020-03-12T12:23:02","modified_gmt":"2020-03-12T15:23:02","slug":"coronavirus-comunicado-a-toda-nuestra-comunidad-educativa-de-la-enslv-sb-de-spangenberg","status":"publish","type":"page","link":"https:\/\/spangenberg-caba.infd.edu.ar\/sitio\/coronavirus-comunicado-a-toda-nuestra-comunidad-educativa-de-la-enslv-sb-de-spangenberg\/","title":{"rendered":"CORONAVIRUS &#8211; Comunicado a toda nuestra Comunidad Educativa de la ENSLV SB de Spangenberg"},"content":{"rendered":"<h2 style=\"font-weight: 400;\"><strong>A toda nuestra Comunidad Educativa de la ENSLV SB de Spangenberg:<\/strong><\/h2>\n<p style=\"font-weight: 400;\">Como ya venimos informando, seguimos con atenci\u00f3n y responsabilidad la problem\u00e1tica del CORONAVIRUS, que nos presenta un escenario desafiante y muy din\u00e1mico, al que tendremos que adaptarnos lo mejor posible. Ante todo, entonces, \u201csi puedes, no te preocupes, con ocuparte ya alcanza\u201d, como canta Drexler. En esa direcci\u00f3n, reiteramos la importancia del lavado de manos y uso de alcohol en gel. En la escuela se han colocado dispensers de jab\u00f3n y alcohol en ba\u00f1os y pasillos, pero en estos momentos escasean los insumos, por lo que hay que trabajar en su cuidado.<\/p>\n<p style=\"font-weight: 400;\">En primer lugar, queremos reiterar que el Rectorado y los equipos de conducci\u00f3n de todos los niveles de esta instituci\u00f3n est\u00e1n trabajando en forma coordinada desde hace semanas en la prevenci\u00f3n e informaci\u00f3n. En esta oportunidad, les hacemos llegar las nuevas medidas implementadas, para llevar tranquilidad a nuestras familias y estudiantes.<\/p>\n<ol>\n<li style=\"font-weight: 400;\">Reiteramos que todas las familias y\/o estudiantes que viajaron al exterior o que hayan tenido contacto directo con personas que lo hayan hecho deben permanecer en sus casas por 14 d\u00edas. Les pedimos encarecidamente que si se encuentran en esta situaci\u00f3n no se acerquen personalmente a la instituci\u00f3n, sino que lo hagan por v\u00eda telef\u00f3nica o por mail a cada nivel.<\/li>\n<li style=\"font-weight: 400;\">Estamos trabajando para educarnos en un trato y saludo que pueda prevenir acercamientos personales. Es un tema que nos cuesta por la costumbre que tenemos de darnos un beso, un abrazo al saludarnos cotidianamente. Queremos prevenir educ\u00e1ndonos en h\u00e1bitos nuevos.<\/li>\n<li style=\"font-weight: 400;\">Reiteramos que es PRIORIDAD INSTITUCIONAL poder llegar a todo\/as de forma r\u00e1pida y efectiva, por lo que actualizamos nuestro sitio web de manera constante e incrementamos el env\u00edo de novedades\u00a0<a href=\"https:\/\/spangenberg-caba.infd.edu.ar\/sitio\/\" data-saferedirecturl=\"https:\/\/www.google.com\/url?q=https:\/\/spangenberg-caba.infd.edu.ar\/sitio\/&amp;source=gmail&amp;ust=1584111483607000&amp;usg=AFQjCNHtIpAb7_q5skM3nzHIp-v3BYUOAg\">https:\/\/spangenberg-caba.infd.edu.ar\/sitio\/<\/a><\/li>\n<li style=\"font-weight: 400;\">Estamos trabajando activamente en la adaptaci\u00f3n de actividades en relaci\u00f3n con la posible epidemia: cambios en la selecci\u00f3n de materiales, excursiones, salidas did\u00e1cticas, etc.<\/li>\n<li style=\"font-weight: 400;\">Hemos suspendido las reuniones de padres y otros encuentros similares hasta nuevo aviso; esta informaci\u00f3n ser\u00e1 enviada de forma virtual.<\/li>\n<li style=\"font-weight: 400;\">Examen de Ingreso del nivel terciario: Se suspenden las clases del nivel medio el martes 17, para poder duplicar la cantidad de aulas y distanciar a lo\/as aspirantes entre s\u00ed. Todo\/a s lo\/as inscripto\/as recibir\u00e1n informaci\u00f3n por mail y\/o por v\u00eda telef\u00f3nica en las que se les informar\u00e1 que tienen que entregar una DDJJ antes de ingresar. En ella deber\u00e1n declarar si han estado (en forma permanente o en tr\u00e1nsito) en los pa\u00edses de riesgo en los \u00faltimos 15 d\u00edas. Se ofrecer\u00e1 una nueva fecha para esos casos puntuales. Se enviar\u00e1 una DDJJ a trav\u00e9s de las tutor\u00edas que los estudiantes deber\u00e1n traer firmada antes de empezar las clases. Para cualquier consulta,<a href=\"https:\/\/www.argentina.gob.ar\/salud\/coronavirus-COVID-19\" data-saferedirecturl=\"https:\/\/www.google.com\/url?q=https:\/\/www.argentina.gob.ar\/salud\/coronavirus-COVID-19&amp;source=gmail&amp;ust=1584111483607000&amp;usg=AFQjCNEzI9bho-xkJQyFULni-cjKD6Mr5A\">https:\/\/www.argentina.gob.ar\/salud\/coronavirus-COVID-19<\/a><\/li>\n<li style=\"font-weight: 400;\">Cada nivel est\u00e1 trabajando activamente en el desarrollo de opciones de clases virtuales, en caso de ser necesario.\u00a0 Tambi\u00e9n se est\u00e1 planificando una opci\u00f3n mixta, por si se cuenta con estudiantes en cuarentena. Lo mismo ocurre en relaci\u00f3n con la evaluaci\u00f3n de aprendizajes.<\/li>\n<li style=\"font-weight: 400;\">Capacitaci\u00f3n e informaci\u00f3n para docentes: Un grupo de padres de nivel primario vendr\u00e1 a charlar con lo\/as docentes para informarlo\/as y capacitarlo\/as sobre novedades espec\u00edficas en relaci\u00f3n con el coronavirus.<\/li>\n<\/ol>\n<p style=\"font-weight: 400;\">Subrayamos una vez m\u00e1s la responsabilidad que a todo\/as nos ata\u00f1e para prevenir contagios y evitar esparcir rumores inexactos que nos asustan y no nos ayudan a atravesar esta situaci\u00f3n nueva y muy desafiante para todo\/as.<\/p>\n<p style=\"font-weight: 400;\">Muchas gracias,<\/p>\n<p style=\"font-weight: 400;\">Seguimos en contacto<\/p>\n<p style=\"font-weight: 400;\"><strong>El Rectorado<\/strong><\/p>\n","protected":false},"excerpt":{"rendered":"<p>A toda nuestra Comunidad Educativa de la ENSLV SB de Spangenberg: Como ya venimos informando, seguimos con atenci\u00f3n y responsabilidad la problem\u00e1tica del CORONAVIRUS, que nos presenta un escenario desafiante y muy din\u00e1mico, al que tendremos que adaptarnos lo mejor posible. Ante todo, entonces, \u201csi puedes, no te preocupes, con ocuparte ya alcanza\u201d, como canta &#8230; <a title=\"CORONAVIRUS &#8211; Comunicado a toda nuestra Comunidad Educativa de la ENSLV SB de Spangenberg\" class=\"read-more\" href=\"https:\/\/spangenberg-caba.infd.edu.ar\/sitio\/coronavirus-comunicado-a-toda-nuestra-comunidad-educativa-de-la-enslv-sb-de-spangenberg\/\" aria-label=\"More on CORONAVIRUS &#8211; Comunicado a toda nuestra Comunidad Educativa de la ENSLV SB de Spangenberg\">[+]<\/a><\/p>\n","protected":false},"author":1112,"featured_media":0,"parent":0,"menu_order":0,"comment_status":"closed","ping_status":"closed","template":"","meta":[],"acf":[],"_links":{"self":[{"href":"https:\/\/spangenberg-caba.infd.edu.ar\/sitio\/wp-json\/wp\/v2\/pages\/1992"}],"collection":[{"href":"https:\/\/spangenberg-caba.infd.edu.ar\/sitio\/wp-json\/wp\/v2\/pages"}],"about":[{"href":"https:\/\/spangenberg-caba.infd.edu.ar\/sitio\/wp-json\/wp\/v2\/types\/page"}],"author":[{"embeddable":true,"href":"https:\/\/spangenberg-caba.infd.edu.ar\/sitio\/wp-json\/wp\/v2\/users\/1112"}],"replies":[{"embeddable":true,"href":"https:\/\/spangenberg-caba.infd.edu.ar\/sitio\/wp-json\/wp\/v2\/comments?post=1992"}],"version-history":[{"count":3,"href":"https:\/\/spangenberg-caba.infd.edu.ar\/sitio\/wp-json\/wp\/v2\/pages\/1992\/revisions"}],"predecessor-version":[{"id":1997,"href":"https:\/\/spangenberg-caba.infd.edu.ar\/sitio\/wp-json\/wp\/v2\/pages\/1992\/revisions\/1997"}],"wp:attachment":[{"href":"https:\/\/spangenberg-caba.infd.edu.ar\/sitio\/wp-json\/wp\/v2\/media?parent=1992"}],"curies":[{"name":"wp","href":"https:\/\/api.w.org\/{rel}","templated":true}]}}