{"id":2040,"date":"2020-04-14T22:47:49","date_gmt":"2020-04-15T01:47:49","guid":{"rendered":"https:\/\/spangenberg-caba.infd.edu.ar\/sitio\/?page_id=2040"},"modified":"2020-04-14T22:47:49","modified_gmt":"2020-04-15T01:47:49","slug":"comunicado-de-rectorado-14-de-abril-de-2020","status":"publish","type":"page","link":"https:\/\/spangenberg-caba.infd.edu.ar\/sitio\/comunicado-de-rectorado-14-de-abril-de-2020\/","title":{"rendered":"Comunicado de Rectorado &#8211; 14 de abril de 2020"},"content":{"rendered":"<p><span style=\"font-weight: 400;\">Hola a todos\/as:\u00a0<\/span><\/p>\n<p><span style=\"font-weight: 400;\">Casi promediando un mes de distanciamiento social obligatorio, volvemos a comunicarnos con ustedes para compartir algunas cuestiones que consideramos muy relevantes en nuestra comunidad educativa.<\/span><\/p>\n<p><span style=\"font-weight: 400;\">Ante todo, queremos reiterar nuestro agradecimiento al cuerpo docente, al estudiantado y a las familias por el apoyo que hemos recibido en cada uno de los niveles. Es fundamental poder trabajar de forma coordinada, especialmente en circunstancias como las que nos toca vivir. Esto no implica que estemos siempre de acuerdo: somos muchos\/as y cada uno\/a busca su forma de encarar mejor esta situaci\u00f3n. Sin embargo, resulta clave que podamos encontrar y cuidar espacios de encuentro en lo que se refiere a aquello que nos convoca a todos\/as: sostener nuestra escuela abierta, a pesar de que la puerta de entrada no lo est\u00e9.<\/span><\/p>\n<p><span style=\"font-weight: 400;\">Sabemos que, con el paso de los d\u00edas, es posible que estemos m\u00e1s sensibles y que las circunstancias que nos rodean no nos sean propicias. Por eso, queremos recordarles que estamos trabajando para lograr que nuestros\/as estudiantes puedan sostener de forma remota sus cursadas de la manera m\u00e1s eficiente posible. Desde cada sala, grado, curso y comisi\u00f3n los\/as docentes proponemos, acordamos y coordinamos distintas estrategias para ense\u00f1ar y aprender. Tambi\u00e9n buscamos puntos de encuentro para poder asistirnos mutuamente y calmar ansiedades e interrogantes que se nos plantean a diario.<\/span><\/p>\n<p><span style=\"font-weight: 400;\">\u00a0<\/span><span style=\"font-weight: 400;\">Nosotros, la comunidad educativa de la ENSLV SB de Spangenberg, nos proponemos mantenernos fuertes, flexibles, din\u00e1micos, emp\u00e1ticos y, por sobre todo, pacientes, y aspiramos a contagiar estos sentimientos a cada uno\/a de nuestros\/as docentes, estudiantes y familias. No es sencillo: las circunstancias personales son muy diversas, al igual que la disponibilidad de recursos, las opiniones y las expectativas.\u00a0<\/span><\/p>\n<p><span style=\"font-weight: 400;\">\u00a0<\/span><span style=\"font-weight: 400;\">A pesar de todo eso, vamos bien. A diario nos llegan palabras de aliento y sugerencias que escuchamos y tomamos en consideraci\u00f3n. Cada aula de nuestra escuela est\u00e1 abierta y activa. Y d\u00eda a d\u00eda, trabajamos juntos\/as para mantener, sostener y mejorar el flujo de los procesos que all\u00ed ocurren.<\/span><\/p>\n<p><span style=\"font-weight: 400;\">As\u00ed, esta quiz\u00e1 sea una de las grandes ense\u00f1anzas que nos deje la pandemia: volvernos cada d\u00eda m\u00e1s fuertes, flexibles, din\u00e1micos, emp\u00e1ticos y pacientes. Con nuestra escuela, con el\/la otro\/a, con nosotros\/as mismos\/as.<\/span><\/p>\n<p><span style=\"font-weight: 400;\">M\u00e1s que nunca, seguimos en contacto,<\/span><\/p>\n<p><strong>El Rectorado<\/strong><\/p>\n","protected":false},"excerpt":{"rendered":"<p>Hola a todos\/as:\u00a0 Casi promediando un mes de distanciamiento social obligatorio, volvemos a comunicarnos con ustedes para compartir algunas cuestiones que consideramos muy relevantes en nuestra comunidad educativa. Ante todo, queremos reiterar nuestro agradecimiento al cuerpo docente, al estudiantado y a las familias por el apoyo que hemos recibido en cada uno de los niveles. &#8230; <a title=\"Comunicado de Rectorado &#8211; 14 de abril de 2020\" class=\"read-more\" href=\"https:\/\/spangenberg-caba.infd.edu.ar\/sitio\/comunicado-de-rectorado-14-de-abril-de-2020\/\" aria-label=\"More on Comunicado de Rectorado &#8211; 14 de abril de 2020\">[+]<\/a><\/p>\n","protected":false},"author":1112,"featured_media":0,"parent":0,"menu_order":0,"comment_status":"closed","ping_status":"closed","template":"","meta":[],"acf":[],"_links":{"self":[{"href":"https:\/\/spangenberg-caba.infd.edu.ar\/sitio\/wp-json\/wp\/v2\/pages\/2040"}],"collection":[{"href":"https:\/\/spangenberg-caba.infd.edu.ar\/sitio\/wp-json\/wp\/v2\/pages"}],"about":[{"href":"https:\/\/spangenberg-caba.infd.edu.ar\/sitio\/wp-json\/wp\/v2\/types\/page"}],"author":[{"embeddable":true,"href":"https:\/\/spangenberg-caba.infd.edu.ar\/sitio\/wp-json\/wp\/v2\/users\/1112"}],"replies":[{"embeddable":true,"href":"https:\/\/spangenberg-caba.infd.edu.ar\/sitio\/wp-json\/wp\/v2\/comments?post=2040"}],"version-history":[{"count":1,"href":"https:\/\/spangenberg-caba.infd.edu.ar\/sitio\/wp-json\/wp\/v2\/pages\/2040\/revisions"}],"predecessor-version":[{"id":2041,"href":"https:\/\/spangenberg-caba.infd.edu.ar\/sitio\/wp-json\/wp\/v2\/pages\/2040\/revisions\/2041"}],"wp:attachment":[{"href":"https:\/\/spangenberg-caba.infd.edu.ar\/sitio\/wp-json\/wp\/v2\/media?parent=2040"}],"curies":[{"name":"wp","href":"https:\/\/api.w.org\/{rel}","templated":true}]}}