{"id":2048,"date":"2020-04-16T10:54:04","date_gmt":"2020-04-16T13:54:04","guid":{"rendered":"https:\/\/spangenberg-caba.infd.edu.ar\/sitio\/?page_id=2048"},"modified":"2020-04-16T10:54:04","modified_gmt":"2020-04-16T13:54:04","slug":"el-escudo-protector-contra-el-rey-virus-escudos-protectores","status":"publish","type":"page","link":"https:\/\/spangenberg-caba.infd.edu.ar\/sitio\/el-escudo-protector-contra-el-rey-virus-escudos-protectores\/","title":{"rendered":"El escudo protector contra el Rey Virus &#8211; Escudos protectores"},"content":{"rendered":"<p><span style=\"font-weight: 400;\">A ra\u00edz de la situaci\u00f3n sanitaria por la que estamos transitando y sabiendo que muchos integrantes de nuestra comunidad educativa forman parte del sistema de salud o tienen relaci\u00f3n\u00a0 a trav\u00e9s del abastecimiento de insumos m\u00e9dicos, es que pensamos un proyecto com\u00fan.<\/span><\/p>\n<p><span style=\"font-weight: 400;\">Una de las propuesta surgi\u00f3 despu\u00e9s de varias conversaciones con una mam\u00e1 m\u00e9dica del nivel primario, que se desempe\u00f1a en el sistema p\u00fablico de salud, acerca de los cuidados y la necesidad de protecci\u00f3n frente a este virus desconocido. Es as\u00ed que surgi\u00f3 la idea de tener una \u00abprotecci\u00f3n simb\u00f3lica\u00bb para la tarea diaria durante la atenci\u00f3n y cuidado se los pacientes.<\/span><\/p>\n<p><span style=\"font-weight: 400;\">Le ofrecimos a nuestros grupos de alumnos\/as el cuento \u00abEl escudo protector contra el Rey Virus\u00bb, con el que pudimos reflexionar y aprender sobre las diferentes formas de prevenci\u00f3n y cuidado.\u00a0<\/span><\/p>\n<p><span style=\"font-weight: 400;\">Se les propuso a las familias pensar y dise\u00f1ar \u00abescudos protectores\u00bb contra el Rey Virus para hac\u00e9rselos llegar a quienes nos est\u00e1n cuidando todos los d\u00edas frente a esta enfermedad.<\/span><\/p>\n<p><span style=\"font-weight: 400;\">Este es un peque\u00f1o homenaje para todos ellos de las Salas Verde de 5<\/span><\/p>\n<p><img decoding=\"async\" loading=\"lazy\" class=\"wp-image-2044 aligncenter\" src=\"https:\/\/spangenberg-caba.infd.edu.ar\/sitio\/wp-content\/uploads\/2020\/04\/enslv1-1000x584.jpg\" alt=\"\" width=\"628\" height=\"367\" srcset=\"https:\/\/spangenberg-caba.infd.edu.ar\/sitio\/wp-content\/uploads\/2020\/04\/enslv1-1000x584.jpg 1000w, https:\/\/spangenberg-caba.infd.edu.ar\/sitio\/wp-content\/uploads\/2020\/04\/enslv1-768x449.jpg 768w, https:\/\/spangenberg-caba.infd.edu.ar\/sitio\/wp-content\/uploads\/2020\/04\/enslv1.jpg 1024w\" sizes=\"(max-width: 628px) 100vw, 628px\" \/><\/p>\n<p><img decoding=\"async\" loading=\"lazy\" class=\"wp-image-2045 aligncenter\" src=\"https:\/\/spangenberg-caba.infd.edu.ar\/sitio\/wp-content\/uploads\/2020\/04\/enslv2.jpg\" alt=\"\" width=\"621\" height=\"466\" srcset=\"https:\/\/spangenberg-caba.infd.edu.ar\/sitio\/wp-content\/uploads\/2020\/04\/enslv2.jpg 960w, https:\/\/spangenberg-caba.infd.edu.ar\/sitio\/wp-content\/uploads\/2020\/04\/enslv2-768x576.jpg 768w\" sizes=\"(max-width: 621px) 100vw, 621px\" \/><\/p>\n","protected":false},"excerpt":{"rendered":"<p>A ra\u00edz de la situaci\u00f3n sanitaria por la que estamos transitando y sabiendo que muchos integrantes de nuestra comunidad educativa forman parte del sistema de salud o tienen relaci\u00f3n\u00a0 a trav\u00e9s del abastecimiento de insumos m\u00e9dicos, es que pensamos un proyecto com\u00fan. Una de las propuesta surgi\u00f3 despu\u00e9s de varias conversaciones con una mam\u00e1 m\u00e9dica &#8230; <a title=\"El escudo protector contra el Rey Virus &#8211; Escudos protectores\" class=\"read-more\" href=\"https:\/\/spangenberg-caba.infd.edu.ar\/sitio\/el-escudo-protector-contra-el-rey-virus-escudos-protectores\/\" aria-label=\"More on El escudo protector contra el Rey Virus &#8211; Escudos protectores\">[+]<\/a><\/p>\n","protected":false},"author":1112,"featured_media":0,"parent":0,"menu_order":0,"comment_status":"closed","ping_status":"closed","template":"","meta":[],"acf":[],"_links":{"self":[{"href":"https:\/\/spangenberg-caba.infd.edu.ar\/sitio\/wp-json\/wp\/v2\/pages\/2048"}],"collection":[{"href":"https:\/\/spangenberg-caba.infd.edu.ar\/sitio\/wp-json\/wp\/v2\/pages"}],"about":[{"href":"https:\/\/spangenberg-caba.infd.edu.ar\/sitio\/wp-json\/wp\/v2\/types\/page"}],"author":[{"embeddable":true,"href":"https:\/\/spangenberg-caba.infd.edu.ar\/sitio\/wp-json\/wp\/v2\/users\/1112"}],"replies":[{"embeddable":true,"href":"https:\/\/spangenberg-caba.infd.edu.ar\/sitio\/wp-json\/wp\/v2\/comments?post=2048"}],"version-history":[{"count":1,"href":"https:\/\/spangenberg-caba.infd.edu.ar\/sitio\/wp-json\/wp\/v2\/pages\/2048\/revisions"}],"predecessor-version":[{"id":2049,"href":"https:\/\/spangenberg-caba.infd.edu.ar\/sitio\/wp-json\/wp\/v2\/pages\/2048\/revisions\/2049"}],"wp:attachment":[{"href":"https:\/\/spangenberg-caba.infd.edu.ar\/sitio\/wp-json\/wp\/v2\/media?parent=2048"}],"curies":[{"name":"wp","href":"https:\/\/api.w.org\/{rel}","templated":true}]}}

<p><span style="font-weight: 400;">A raíz de la situación sanitaria por la que estamos transitando y sabiendo que muchos integrantes de nuestra comunidad educativa forman parte del sistema de salud o tienen relación  a través del abastecimiento de insumos médicos, es que pensamos un proyecto común.</span></p>
<p><span style="font-weight: 400;">Una de las propuesta surgió después de varias conversaciones con una mamá médica del nivel primario, que se desempeña en el sistema público de salud, acerca de los cuidados y la necesidad de protección frente a este virus desconocido. Es así que surgió la idea de tener una «protección simbólica» para la tarea diaria durante la atención y cuidado se los pacientes.</span></p>
<p><span style="font-weight: 400;">Le ofrecimos a nuestros grupos de alumnos/as el cuento «El escudo protector contra el Rey Virus», con el que pudimos reflexionar y aprender sobre las diferentes formas de prevención y cuidado. </span></p>
<p><span style="font-weight: 400;">Se les propuso a las familias pensar y diseñar «escudos protectores» contra el Rey Virus para hacérselos llegar a quienes nos están cuidando todos los días frente a esta enfermedad.</span></p>
<p><span style="font-weight: 400;">Este es un pequeño homenaje para todos ellos de las Salas Verde de 5</span></p>
<p><img decoding="async" loading="lazy" class="wp-image-2044 aligncenter" src="https://spangenberg-caba.infd.edu.ar/sitio/wp-content/uploads/2020/04/enslv1-1000x584.jpg" alt="" width="628" height="367" srcset="https://spangenberg-caba.infd.edu.ar/sitio/wp-content/uploads/2020/04/enslv1-1000x584.jpg 1000w, https://spangenberg-caba.infd.edu.ar/sitio/wp-content/uploads/2020/04/enslv1-768x449.jpg 768w, https://spangenberg-caba.infd.edu.ar/sitio/wp-content/uploads/2020/04/enslv1.jpg 1024w" sizes="(max-width: 628px) 100vw, 628px" /></p>
<p><img decoding="async" loading="lazy" class="wp-image-2045 aligncenter" src="https://spangenberg-caba.infd.edu.ar/sitio/wp-content/uploads/2020/04/enslv2.jpg" alt="" width="621" height="466" srcset="https://spangenberg-caba.infd.edu.ar/sitio/wp-content/uploads/2020/04/enslv2.jpg 960w, https://spangenberg-caba.infd.edu.ar/sitio/wp-content/uploads/2020/04/enslv2-768x576.jpg 768w" sizes="(max-width: 621px) 100vw, 621px" /></p>

<p>A raíz de la situación sanitaria por la que estamos transitando y sabiendo que muchos integrantes de nuestra comunidad educativa forman parte del sistema de salud o tienen relación  a través del abastecimiento de insumos médicos, es que pensamos un proyecto común. Una de las propuesta surgió después de varias conversaciones con una mamá médica &#8230; <a title="El escudo protector contra el Rey Virus &#8211; Escudos protectores" class="read-more" href="https://spangenberg-caba.infd.edu.ar/sitio/el-escudo-protector-contra-el-rey-virus-escudos-protectores/" aria-label="More on El escudo protector contra el Rey Virus &#8211; Escudos protectores">[+]</a></p>
