{"id":2322,"date":"2020-08-20T16:32:05","date_gmt":"2020-08-20T19:32:05","guid":{"rendered":"https:\/\/spangenberg-caba.infd.edu.ar\/sitio\/?page_id=2322"},"modified":"2024-04-26T13:00:48","modified_gmt":"2024-04-26T16:00:48","slug":"nivel-terciario-preguntas-frecuentes","status":"publish","type":"page","link":"https:\/\/spangenberg-caba.infd.edu.ar\/sitio\/nivel-terciario-preguntas-frecuentes\/","title":{"rendered":"Preguntas Frecuentes"},"content":{"rendered":"<h3 style=\"text-align: center;\"><strong><span style=\"color: #3366ff;\"><u>PROFESORADOS DE<\/u><\/span><\/strong><span style=\"color: #3366ff;\"><u> IN<\/u><\/span><span style=\"color: #3366ff;\"><u>GL\u00c9S<\/u><\/span><\/h3>\n<p><strong>\u00bfQu\u00e9 profesorados de ingl\u00e9s se dictan en la ENS en LENGUAS VIVAS SB de SPANGENBERG?\u00a0<img decoding=\"async\" loading=\"lazy\" class=\"wp-image-2324 alignright\" src=\"https:\/\/spangenberg-caba.infd.edu.ar\/sitio\/wp-content\/uploads\/2020\/08\/Ingles.jpg\" alt=\"\" width=\"140\" height=\"140\" srcset=\"https:\/\/spangenberg-caba.infd.edu.ar\/sitio\/wp-content\/uploads\/2020\/08\/Ingles.jpg 728w, https:\/\/spangenberg-caba.infd.edu.ar\/sitio\/wp-content\/uploads\/2020\/08\/Ingles-500x500.jpg 500w\" sizes=\"(max-width: 140px) 100vw, 140px\" \/><\/strong><\/p>\n<p>Contamos con dos planes de estudios:<\/p>\n<p>a.) Uno de 4 (cuatro) a\u00f1os de duraci\u00f3n que otorga la siguiente titulaci\u00f3n: Profesor\/a de Ingl\u00e9s<\/p>\n<p>Tiene la siguiente incumbencia: Educaci\u00f3n Art\u00edstica; Educaci\u00f3n Inicial; Educaci\u00f3n Primaria; Educaci\u00f3n Secundaria; Educaci\u00f3n Especial.<\/p>\n<p>b.) Uno de 5 (cinco) a\u00f1os de duraci\u00f3n que otorga la siguiente titulaci\u00f3n: Profesor\/a de Educaci\u00f3n Superior en Ingl\u00e9s.<\/p>\n<p>Tiene la siguiente incumbencia: Educaci\u00f3n Art\u00edstica; Educaci\u00f3n Inicial; Educaci\u00f3n Primaria; Educaci\u00f3n Secundaria; Educaci\u00f3n Especial; Educaci\u00f3n Superior.<\/p>\n<p>Los\/as estudiantes pueden finalizar uno de los planes de estudio y luego completar las materias faltantes para el otro o pasarse de un plan de estudios al otro si as\u00ed lo desean.<\/p>\n<p>Pueden consultar los planes de estudio haciendo click <a href=\"https:\/\/sites.google.com\/view\/terciariolenguitas\">ac\u00e1<\/a><\/p>\n<p><strong>\u00a0<\/strong><strong>\u00bfCu\u00e1les son los requisitos para el ingreso? <\/strong><\/p>\n<p>Los\/as aspirantes deben rendir dos ex\u00e1menes de ingreso en lengua inglesa: uno escrito y otro oral. El nivel de ingl\u00e9s solicitado para ingresar a la carrera es equivalente al de un First Certificate. En nuestra instituci\u00f3n no se dictan cursos de idioma, s\u00f3lo se ofrece un curso cuatrimestral denominado \u201cFundamentos de la Lengua Inglesa\u201d, que orienta al aspirante para rendir los ex\u00e1menes de lengua extranjera, para el que se requiere conocimiento previo de la lengua (nivel intemedio).<\/p>\n<p><strong>\u00bfCu\u00e1ndo son los ex\u00e1menes de ingreso? <\/strong><\/p>\n<p>Los ex\u00e1menes de ingreso son dos, ambos en lengua inglesa: uno escrito y otro oral. Se rinden en marzo y en julio. Las fechas precisas se publican oportunamente enla <a href=\"https:\/\/sites.google.com\/view\/terciariolenguitas\">web del nivel terciario.<\/a><\/p>\n<p>Las inscripciones a \u201cFundamentos de la Lengua Inglesa\u201d se realizan en febrero\/marzo (para cursar en el primer cuatrimestre) y en agosto (para cursar en el segundo).<\/p>\n<p><strong>\u00bfEn qu\u00e9 consiste \u201cFundamentos de la Lengua Inglesa\u201d? <\/strong><\/p>\n<p>Es un curso cuatrimestral que se dicta tanto en el turno ma\u00f1ana como en el vespertino (a elecci\u00f3n) que prepara a los\/as aspirantes que ya cuentan con saberes previos de lengua inglesa. Una vez finalizada la cursada, los\/as aspirantes deben igualmente rendir los ex\u00e1menes escrito y oral.<\/p>\n<p><strong>\u00bfEn qu\u00e9 turnos se cursa la carrera? <\/strong><\/p>\n<p>La carrera se puede cursar tanto en el turno ma\u00f1ana (7:45 a 12:25) como en el vespertino (17:20 a 22:40). Cada ingresante elige sus horarios. Los d\u00edas y horarios definitivos de cursada depender\u00e1n de las materias, talleres y seminarios a los que se inscriba cada ingresante.\u00a0 Tambi\u00e9n pueden cursarse instancias curriculares en ambos turnos.<\/p>\n<p><strong>\u00bfD\u00f3nde puedo comunicarme para resolver dudas? <\/strong><\/p>\n<p>Las siguientes son las direcciones de contacto de las principales \u00e1reas de la carrera:<\/p>\n<ul>\n<li>Regente Mg. Gabriel Caligaris: <a href=\"mailto:enslvsebs_ntregencia@bue.edu.ar\"><u>enslvsebs_ntregencia@bue.edu.ar<\/u><\/a><\/li>\n<li>Bedel\u00eda: (turno ma\u00f1ana y vespertino): <a href=\"mailto:enslvsebs_bedelia@bue.edu.ar\">enslvsebs_bedelia@bue.edu.ar<\/a><\/li>\n<li>Tutora: Prof. Julia Fern\u00e1ndez Armendariz: <a href=\"mailto:sbs@hotmail.com\"><u>sbs@hotmail.com<\/u><\/a><\/li>\n<\/ul>\n<h2 style=\"text-align: center;\"><span style=\"color: #339966;\"><strong><u>PROFESORADOS DE PORTUGU\u00c9S<\/u><\/strong><\/span><\/h2>\n<p><strong>\u00bfQu\u00e9 profesorados de portugu\u00e9s se dictan en la ENS en LENGUAS VIVAS SB de SPANGENBERG?\u00a0\u00a0<img decoding=\"async\" loading=\"lazy\" class=\"wp-image-2323 alignright\" src=\"https:\/\/spangenberg-caba.infd.edu.ar\/sitio\/wp-content\/uploads\/2020\/08\/Brasil.jpg\" alt=\"\" width=\"221\" height=\"128\" srcset=\"https:\/\/spangenberg-caba.infd.edu.ar\/sitio\/wp-content\/uploads\/2020\/08\/Brasil.jpg 900w, https:\/\/spangenberg-caba.infd.edu.ar\/sitio\/wp-content\/uploads\/2020\/08\/Brasil-768x444.jpg 768w\" sizes=\"(max-width: 221px) 100vw, 221px\" \/><\/strong><\/p>\n<p>Contamos con dos planes de estudios:<\/p>\n<p>a.) Uno de 4 (cuatro) a\u00f1os de duraci\u00f3n que otorga la siguiente titulaci\u00f3n: Profesor\/a de Portugu\u00e9s<\/p>\n<p>Tiene la siguiente incumbencia: Educaci\u00f3n Art\u00edstica; Educaci\u00f3n Inicial; Educaci\u00f3n Primaria; Educaci\u00f3n Secundaria; Educaci\u00f3n Especial.<\/p>\n<p>b.) Uno de 5 (cinco) a\u00f1os de duraci\u00f3n que otorga la siguiente titulaci\u00f3n: Profesor\/a de Educaci\u00f3n Superior en Portugu\u00e9s.<\/p>\n<p>Tiene la siguiente incumbencia: Educaci\u00f3n Art\u00edstica; Educaci\u00f3n Inicial; Educaci\u00f3n Primaria; Educaci\u00f3n Secundaria; Educaci\u00f3n Especial; Educaci\u00f3n Superior.<\/p>\n<p>Los\/as estudiantes pueden finalizar uno de los planes de estudio y luego completar las materias faltantes para el otro o pasarse de un plan de estudios al otro si as\u00ed lo desean.<\/p>\n<p>Pueden consultar los planes de estudio haciendo click <a href=\"https:\/\/sites.google.com\/view\/terciariolenguitas\">ac\u00e1<\/a><\/p>\n<p>Debido a que en nuestra instituci\u00f3n no se dictan cursos de idioma, se ofrece un curso cuatrimestral denominado \u201cFundamentos de la Lengua Portuguesa\u201d, que orienta al ingresante en su primera aproximaci\u00f3n a esta lengua.<\/p>\n<p><strong>\u00bfEn qu\u00e9 consiste \u201cFundamentos de la Lengua Portuguesa\u201d? <\/strong><\/p>\n<p>Es un curso cuatrimestral que se dicta en el turno vespertino que funciona como introducci\u00f3n a los saberes necesarios para comenzar a cursar las materias dictadas en lengua portuguesa.<\/p>\n<p><strong>\u00bfEn qu\u00e9 turnos se cursa la carrera? <\/strong><\/p>\n<p>La carrera se cursa en el turno vespertino (17:20 a 22:40). No obstante, las materias del Campo de la Formaci\u00f3n General (dictadas en castellano) pueden cursarse tambi\u00e9n en el turno ma\u00f1ana (7:45 a 12:25)<\/p>\n<p>Los d\u00edas y horarios definitivos de cursada depender\u00e1n de las materias, talleres y seminarios a los que se inscriba cada ingresante.<\/p>\n<p><strong>\u00bfD\u00f3nde puedo comunicarme para resolver dudas? <\/strong><\/p>\n<p>Las siguientes son las direcciones de contacto de las principales \u00e1reas de la carrera:<\/p>\n<ul>\n<li>Regente Mg. Gabriel Caligaris: <a href=\"mailto:enslvsebs_ntregencia@bue.edu.ar\"><u>enslvsebs_ntregencia@bue.edu.ar<\/u><\/a><\/li>\n<li>Bedel\u00eda: turno vespertino: \u00a0<a href=\"mailto:enslvsebs_bedelia@bue.edu.ar\"><u>enslvsebs_bedelia@bue.edu.ar<\/u>\u00a0<\/a><\/li>\n<li>Tutora: Prof. Carla Panto: <a href=\"mailto:tutoriaportugueslv@gmail.com\"><u>tutoriaportugueslv@gmail.com<\/u><\/a><\/li>\n<\/ul>\n<p><strong>\u00bfCu\u00e1les son los requisitos para el ingreso?<\/strong><\/p>\n<p>Los\/as aspirantes rinden un examen de ingreso que sirve como diagn\u00f3stico de nivel. <u>No es un examen eliminatorio<\/u>.<\/p>\n<h2 style=\"text-align: center;\"><span style=\"color: #ff0000;\"><strong><u>TRADUCTORADO T\u00c9CNICO-CIENT\u00cdFICO-LITERARIO en INGL\u00c9S<\/u><\/strong><\/span><\/h2>\n<p><strong>\u00bfCu\u00e1les son los requisitos para el ingreso?\u00a0\u00a0<img decoding=\"async\" loading=\"lazy\" class=\"wp-image-2324 alignright\" src=\"https:\/\/spangenberg-caba.infd.edu.ar\/sitio\/wp-content\/uploads\/2020\/08\/Ingles.jpg\" alt=\"\" width=\"131\" height=\"131\" srcset=\"https:\/\/spangenberg-caba.infd.edu.ar\/sitio\/wp-content\/uploads\/2020\/08\/Ingles.jpg 728w, https:\/\/spangenberg-caba.infd.edu.ar\/sitio\/wp-content\/uploads\/2020\/08\/Ingles-500x500.jpg 500w\" sizes=\"(max-width: 131px) 100vw, 131px\" \/><\/strong><\/p>\n<p>Los\/as aspirantes deben rendir tres ex\u00e1menes de ingreso: dos en lengua inglesa (escrito y oral) y uno en castellano (escrito). El nivel de ingl\u00e9s solicitado para ingresar a la carrera es equivalente al de un First Certificate. El examen de espa\u00f1ol eval\u00faa competencias comunicativas en diferentes registros y contextos. En nuestra instituci\u00f3n no se dictan cursos de idioma, s\u00f3lo se ofrece un curso cuatrimestral denominado \u201cFundamentos de la Lengua Inglesa\u201d, que orienta al aspirante para rendir los ex\u00e1menes de lengua extranjera.<\/p>\n<p><strong>\u00bfEn qu\u00e9 consiste \u201cFundamentos de la Lengua Inglesa\u201d? <\/strong><\/p>\n<p>Es un curso cuatrimestral que se dicta tanto en el turno ma\u00f1ana como en el vespertino (a elecci\u00f3n) que prepara a los\/as aspirantes que ya cuentan con saberes previos de lengua inglesa. Una vez finalizada la cursada, los\/as aspirantes deben igualmente rendir los ex\u00e1menes escrito y oral.\u00a0<\/p>\n<p><strong>\u00bfEn qu\u00e9 consiste \u00abFundamentos de la Lengua Espa\u00f1ola\u00bb?<\/strong><\/p>\n<p>Al igual que \u00abFundamentos de la Lengua Inglesa\u00bb, es un curso cuatrimestral, pero se cursa \u00fanicamente en el turno vespertino.\u00a0\u00a0<\/p>\n<p><strong>\u00bfEn qu\u00e9 turnos se cursa la carrera? <\/strong><\/p>\n<p>La carrera se cursa exclusivamente en el turno vespertino (17:20 a 22:40). Los d\u00edas y horarios definitivos de cursada depender\u00e1n de las materias, talleres y seminarios a los que se inscriba cada ingresante.<\/p>\n<p><strong>\u00bfCu\u00e1ndo son los ex\u00e1menes de ingreso? <\/strong><\/p>\n<p>Los ex\u00e1menes de ingreso se rinden en marzo\/abril de cada ciclo lectivo. S\u00f3lo se ingresa en el 1\u00b0 cuatrimestre a la carrera ya que todas las materias, talleres y seminarios son de cursada anual.<\/p>\n<p><strong>\u00bfD\u00f3nde puedo comunicarme para resolver dudas? <\/strong><\/p>\n<p>Las siguientes son las direcciones de contacto de las principales \u00e1reas de la carrera:<\/p>\n<ul>\n<li>Regente Mg. Gabriel Caligaris: <a href=\"mailto:enslvsebs_ntregencia@bue.edu.ar\"><u>enslvsebs_ntregencia@bue.edu.ar<\/u><\/a><\/li>\n<li>Bedel\u00eda: (Turno vespertino): <a href=\"mailto:tradusbs@gmail.com\"><u>tradusbs@gmail.com<\/u><\/a><\/li>\n<li>Tutora Trad. Juana Nicolaou: <a href=\"mailto:traduc@gmail.com\"><u>traduc@gmail.com<\/u><\/a><\/li>\n<\/ul>\n<hr \/>\n\n\n<figure class=\"wp-block-image size-large\"><img decoding=\"async\" src=\"blob:https:\/\/spangenberg-caba.infd.edu.ar\/58adda34-4ddd-4ae0-bcaa-53bb38ecac68\" alt=\"\"\/><\/figure>\n","protected":false},"excerpt":{"rendered":"<p>PROFESORADOS DE INGL\u00c9S \u00bfQu\u00e9 profesorados de ingl\u00e9s se dictan en la ENS en LENGUAS VIVAS SB de SPANGENBERG?\u00a0 Contamos con dos planes de estudios: a.) Uno de 4 (cuatro) a\u00f1os de duraci\u00f3n que otorga la siguiente titulaci\u00f3n: Profesor\/a de Ingl\u00e9s Tiene la siguiente incumbencia: Educaci\u00f3n Art\u00edstica; Educaci\u00f3n Inicial; Educaci\u00f3n Primaria; Educaci\u00f3n Secundaria; Educaci\u00f3n Especial. b.) &#8230; <a title=\"Preguntas Frecuentes\" class=\"read-more\" href=\"https:\/\/spangenberg-caba.infd.edu.ar\/sitio\/nivel-terciario-preguntas-frecuentes\/\" aria-label=\"More on Preguntas Frecuentes\">[+]<\/a><\/p>\n","protected":false},"author":1112,"featured_media":0,"parent":0,"menu_order":0,"comment_status":"closed","ping_status":"closed","template":"","meta":[],"acf":[],"_links":{"self":[{"href":"https:\/\/spangenberg-caba.infd.edu.ar\/sitio\/wp-json\/wp\/v2\/pages\/2322"}],"collection":[{"href":"https:\/\/spangenberg-caba.infd.edu.ar\/sitio\/wp-json\/wp\/v2\/pages"}],"about":[{"href":"https:\/\/spangenberg-caba.infd.edu.ar\/sitio\/wp-json\/wp\/v2\/types\/page"}],"author":[{"embeddable":true,"href":"https:\/\/spangenberg-caba.infd.edu.ar\/sitio\/wp-json\/wp\/v2\/users\/1112"}],"replies":[{"embeddable":true,"href":"https:\/\/spangenberg-caba.infd.edu.ar\/sitio\/wp-json\/wp\/v2\/comments?post=2322"}],"version-history":[{"count":15,"href":"https:\/\/spangenberg-caba.infd.edu.ar\/sitio\/wp-json\/wp\/v2\/pages\/2322\/revisions"}],"predecessor-version":[{"id":3453,"href":"https:\/\/spangenberg-caba.infd.edu.ar\/sitio\/wp-json\/wp\/v2\/pages\/2322\/revisions\/3453"}],"wp:attachment":[{"href":"https:\/\/spangenberg-caba.infd.edu.ar\/sitio\/wp-json\/wp\/v2\/media?parent=2322"}],"curies":[{"name":"wp","href":"https:\/\/api.w.org\/{rel}","templated":true}]}}