{"id":286,"date":"2022-02-28T11:36:00","date_gmt":"2022-02-28T14:36:00","guid":{"rendered":"https:\/\/spangenberg-caba.infd.edu.ar\/sitio\/?page_id=286"},"modified":"2025-11-19T23:01:13","modified_gmt":"2025-11-20T02:01:13","slug":"inicio","status":"publish","type":"page","link":"https:\/\/spangenberg-caba.infd.edu.ar\/sitio\/","title":{"rendered":"INICIO"},"content":{"rendered":"<p><span style=\"font-weight: 300;\">La Escuela Normal Superior en Lenguas Vivas Sof\u00eda Esther Broquen de Spangenberg (Ex John F. Kennedy), apodada popularmente \u00abLeng\u00fcitas\u00bb, es una instituci\u00f3n educativa de car\u00e1cter p\u00fablico y gesti\u00f3n estatal de ense\u00f1anza inicial, primaria, secundaria y terciaria. Depende del Ministerio de Educaci\u00f3n e Innovaci\u00f3n del Gobierno de la Ciudad Aut\u00f3noma de Buenos Aires.<\/span><\/p>\n<p><span style=\"font-weight: 300;\">Su fundaci\u00f3n fue en 1957 e inicialmente era un colegio exclusivamente para mujeres. Su nombre original fue \u201cInstituto Nacional Normal Superior en Lenguas Vivas John F. Kennedy\u201d, pero esa denominaci\u00f3n fue cambiada\u00a0 en el a\u00f1o 2004 por el de una de sus fundadoras y directora, la profesora Sof\u00eda Esther Broquen de Spangenberg.<\/span><\/p>\n<style>.wp-show-posts-columns#wpsp-383 {margin-left: -2em; }.wp-show-posts-columns#wpsp-383 .wp-show-posts-inner {margin: 0 0 2em 2em; }<\/style><section id=\"wpsp-383\" class=\" wp-show-posts-columns wp-show-posts\" style=\"\"><article class=\" wp-show-posts-single post-4209 post type-post status-publish format-standard has-post-thumbnail hentry category-sin-categoria tag-efemerides tag-rectorado wpsp-col-4\" itemtype=\"http:\/\/schema.org\/CreativeWork\" itemscope><div class=\"wp-show-posts-inner\" style=\"\">\t\t<div class=\"wp-show-posts-image  wpsp-image-center \">\n\t\t\t<a href=\"https:\/\/spangenberg-caba.infd.edu.ar\/sitio\/efemerides-paso-a-la-inmortalidad-de-jose-de-san-martin\/\"  title=\"EFEM\u00c9RIDES &#8211; PASO A LA INMORTALIDAD DE JOS\u00c9 DE SAN MART\u00cdN\">\t\t\t\t\t<img src=\"https:\/\/spangenberg-caba.infd.edu.ar\/sitio\/wp-content\/uploads\/2026\/08\/SAN-MARTIN-WEB-500x500.jpg\" alt=\"EFEM\u00c9RIDES &#8211; PASO A LA INMORTALIDAD DE JOS\u00c9 DE SAN MART\u00cdN\" itemprop=\"image\" class=\"center\" \/>\n\t\t\t\t<\/a>\t\t<\/div>\n\t\t\t\t\t\t\t\t<header class=\"wp-show-posts-entry-header\">\n\t\t\t\t\t\t\t<h2 class=\"wp-show-posts-entry-title\" itemprop=\"headline\"><a href=\"https:\/\/spangenberg-caba.infd.edu.ar\/sitio\/efemerides-paso-a-la-inmortalidad-de-jose-de-san-martin\/\" rel=\"bookmark\">EFEM\u00c9RIDES &#8211; PASO A LA INMORTALIDAD DE JOS\u00c9 DE SAN MART\u00cdN<\/a><\/h2>\t\t\t\t\t\t<\/header><!-- .entry-header -->\n\t\t\t\t\t\t\t\t\t\t\t<div class=\"wp-show-posts-entry-summary\" itemprop=\"text\">\n\t\t\t\t\t\t\t<p>Llegamos a la fecha en la que homenajeamos al m\u00e1s grande de nuestros pr\u00f3ceres: el General Don Jos\u00e9 de San Mart\u00edn (Yapey\u00fa, 1778 &#8211; Boulogne-sur-Mer, 1850), y este a\u00f1o nos&#8230;<\/p>\n\t\t\t\t\t\t<\/div><!-- .entry-summary -->\n\t\t\t\t\t<\/div><!-- wp-show-posts-inner --><\/article><article class=\" wp-show-posts-single post-4200 post type-post status-publish format-standard has-post-thumbnail hentry category-nivel-medio tag-ingreso tag-rectorado wpsp-col-4\" itemtype=\"http:\/\/schema.org\/CreativeWork\" itemscope><div class=\"wp-show-posts-inner\" style=\"\">\t\t<div class=\"wp-show-posts-image  wpsp-image-center \">\n\t\t\t<a href=\"https:\/\/spangenberg-caba.infd.edu.ar\/sitio\/inscripcion-a-nivel-medio-20277\/\"  title=\"INSCRIPCI\u00d3N A NIVEL MEDIO 2027\">\t\t\t\t\t<img src=\"https:\/\/spangenberg-caba.infd.edu.ar\/sitio\/wp-content\/uploads\/2026\/08\/FLYER-INGRESO-A-NIVEL-MEDIO-2027-500x500.jpg\" alt=\"INSCRIPCI\u00d3N A NIVEL MEDIO 2027\" itemprop=\"image\" class=\"center\" \/>\n\t\t\t\t<\/a>\t\t<\/div>\n\t\t\t\t\t\t\t\t<header class=\"wp-show-posts-entry-header\">\n\t\t\t\t\t\t\t<h2 class=\"wp-show-posts-entry-title\" itemprop=\"headline\"><a href=\"https:\/\/spangenberg-caba.infd.edu.ar\/sitio\/inscripcion-a-nivel-medio-20277\/\" rel=\"bookmark\">INSCRIPCI\u00d3N A NIVEL MEDIO 2027<\/a><\/h2>\t\t\t\t\t\t<\/header><!-- .entry-header -->\n\t\t\t\t\t\t\t\t\t\t\t<div class=\"wp-show-posts-entry-summary\" itemprop=\"text\">\n\t\t\t\t\t\t\t<p>Comenz\u00f3 la inscripci\u00f3n a los ex\u00e1menes de ingreso para 1\u00b0 a\u00f1o 2027. Compartimos la informaci\u00f3n con todos\/as los\/as interesados\/as. INFORMACI\u00d3N GENERAL<\/p>\n\t\t\t\t\t\t<\/div><!-- .entry-summary -->\n\t\t\t\t\t<\/div><!-- wp-show-posts-inner --><\/article><article class=\" wp-show-posts-single post-4193 post type-post status-publish format-standard has-post-thumbnail hentry category-institucional tag-rectorado wpsp-col-4\" itemtype=\"http:\/\/schema.org\/CreativeWork\" itemscope><div class=\"wp-show-posts-inner\" style=\"\">\t\t<div class=\"wp-show-posts-image  wpsp-image-center \">\n\t\t\t<a href=\"https:\/\/spangenberg-caba.infd.edu.ar\/sitio\/feliz-receso-invernal-2\/\"  title=\"\u00a1FELIZ RECESO INVERNAL!\">\t\t\t\t\t<img src=\"https:\/\/spangenberg-caba.infd.edu.ar\/sitio\/wp-content\/uploads\/2025\/07\/Blue-and-White-Simple-Goodbye-Winter-Flyer-500x500.png\" alt=\"\u00a1FELIZ RECESO INVERNAL!\" itemprop=\"image\" class=\"center\" \/>\n\t\t\t\t<\/a>\t\t<\/div>\n\t\t\t\t\t\t\t\t<header class=\"wp-show-posts-entry-header\">\n\t\t\t\t\t\t\t<h2 class=\"wp-show-posts-entry-title\" itemprop=\"headline\"><a href=\"https:\/\/spangenberg-caba.infd.edu.ar\/sitio\/feliz-receso-invernal-2\/\" rel=\"bookmark\">\u00a1FELIZ RECESO INVERNAL!<\/a><\/h2>\t\t\t\t\t\t<\/header><!-- .entry-header -->\n\t\t\t\t\t\t\t\t\t\t\t<div class=\"wp-show-posts-entry-summary\" itemprop=\"text\">\n\t\t\t\t\t\t\t<p>A toda la comunidad del \u00abLeng\u00fcitas\u00bb: La primera mitad del a\u00f1o termina hoy. Durante las pr\u00f3ximas dos semanas, no habr\u00e1 clases y tendremos m\u00e1s tiempo para dedicarnos a todo aquello&#8230;<\/p>\n\t\t\t\t\t\t<\/div><!-- .entry-summary -->\n\t\t\t\t\t<\/div><!-- wp-show-posts-inner --><\/article><div class=\"wpsp-clear\"><\/div><\/section><!-- .wp-show-posts -->\n","protected":false},"excerpt":{"rendered":"<p>La Escuela Normal Superior en Lenguas Vivas Sof\u00eda Esther Broquen de Spangenberg (Ex John F. Kennedy), apodada popularmente \u00abLeng\u00fcitas\u00bb, es una instituci\u00f3n educativa de car\u00e1cter p\u00fablico y gesti\u00f3n estatal de ense\u00f1anza inicial, primaria, secundaria y terciaria. Depende del Ministerio de Educaci\u00f3n e Innovaci\u00f3n del Gobierno de la Ciudad Aut\u00f3noma de Buenos Aires. Su fundaci\u00f3n fue &#8230; <a title=\"\u00a1FELIZ RECESO INVERNAL!\" class=\"read-more\" href=\"https:\/\/spangenberg-caba.infd.edu.ar\/sitio\/feliz-receso-invernal-2\/\" aria-label=\"More on \u00a1FELIZ RECESO INVERNAL!\">[+]<\/a><\/p>\n","protected":false},"author":1749,"featured_media":3218,"parent":0,"menu_order":0,"comment_status":"closed","ping_status":"closed","template":"","meta":[],"acf":[],"_links":{"self":[{"href":"https:\/\/spangenberg-caba.infd.edu.ar\/sitio\/wp-json\/wp\/v2\/pages\/286"}],"collection":[{"href":"https:\/\/spangenberg-caba.infd.edu.ar\/sitio\/wp-json\/wp\/v2\/pages"}],"about":[{"href":"https:\/\/spangenberg-caba.infd.edu.ar\/sitio\/wp-json\/wp\/v2\/types\/page"}],"author":[{"embeddable":true,"href":"https:\/\/spangenberg-caba.infd.edu.ar\/sitio\/wp-json\/wp\/v2\/users\/1749"}],"replies":[{"embeddable":true,"href":"https:\/\/spangenberg-caba.infd.edu.ar\/sitio\/wp-json\/wp\/v2\/comments?post=286"}],"version-history":[{"count":153,"href":"https:\/\/spangenberg-caba.infd.edu.ar\/sitio\/wp-json\/wp\/v2\/pages\/286\/revisions"}],"predecessor-version":[{"id":4095,"href":"https:\/\/spangenberg-caba.infd.edu.ar\/sitio\/wp-json\/wp\/v2\/pages\/286\/revisions\/4095"}],"wp:featuredmedia":[{"embeddable":true,"href":"https:\/\/spangenberg-caba.infd.edu.ar\/sitio\/wp-json\/wp\/v2\/media\/3218"}],"wp:attachment":[{"href":"https:\/\/spangenberg-caba.infd.edu.ar\/sitio\/wp-json\/wp\/v2\/media?parent=286"}],"curies":[{"name":"wp","href":"https:\/\/api.w.org\/{rel}","templated":true}]}}

<p><span style="font-weight: 300;">La Escuela Normal Superior en Lenguas Vivas Sofía Esther Broquen de Spangenberg (Ex John F. Kennedy), apodada popularmente «Lengüitas», es una institución educativa de carácter público y gestión estatal de enseñanza inicial, primaria, secundaria y terciaria. Depende del Ministerio de Educación e Innovación del Gobierno de la Ciudad Autónoma de Buenos Aires.</span></p>
<p><span style="font-weight: 300;">Su fundación fue en 1957 e inicialmente era un colegio exclusivamente para mujeres. Su nombre original fue “Instituto Nacional Normal Superior en Lenguas Vivas John F. Kennedy”, pero esa denominación fue cambiada  en el año 2004 por el de una de sus fundadoras y directora, la profesora Sofía Esther Broquen de Spangenberg.</span></p>
<style>.wp-show-posts-columns#wpsp-383 {margin-left: -2em; }.wp-show-posts-columns#wpsp-383 .wp-show-posts-inner {margin: 0 0 2em 2em; }</style><section id="wpsp-383" class=" wp-show-posts-columns wp-show-posts" style=""><article class=" wp-show-posts-single post-4209 post type-post status-publish format-standard has-post-thumbnail hentry category-sin-categoria tag-efemerides tag-rectorado wpsp-col-4" itemtype="http://schema.org/CreativeWork" itemscope><div class="wp-show-posts-inner" style="">		<div class="wp-show-posts-image  wpsp-image-center ">
			<a href="https://spangenberg-caba.infd.edu.ar/sitio/efemerides-paso-a-la-inmortalidad-de-jose-de-san-martin/"  title="EFEMÉRIDES &#8211; PASO A LA INMORTALIDAD DE JOSÉ DE SAN MARTÍN">					<img src="https://spangenberg-caba.infd.edu.ar/sitio/wp-content/uploads/2026/08/SAN-MARTIN-WEB-500x500.jpg" alt="EFEMÉRIDES &#8211; PASO A LA INMORTALIDAD DE JOSÉ DE SAN MARTÍN" itemprop="image" class="center" />
				</a>		</div>
								<header class="wp-show-posts-entry-header">
							<h2 class="wp-show-posts-entry-title" itemprop="headline"><a href="https://spangenberg-caba.infd.edu.ar/sitio/efemerides-paso-a-la-inmortalidad-de-jose-de-san-martin/" rel="bookmark">EFEMÉRIDES &#8211; PASO A LA INMORTALIDAD DE JOSÉ DE SAN MARTÍN</a></h2>						</header><!-- .entry-header -->
											<div class="wp-show-posts-entry-summary" itemprop="text">
							<p>Llegamos a la fecha en la que homenajeamos al más grande de nuestros próceres: el General Don José de San Martín (Yapeyú, 1778 &#8211; Boulogne-sur-Mer, 1850), y este año nos&#8230;</p>
						</div><!-- .entry-summary -->
					</div><!-- wp-show-posts-inner --></article><article class=" wp-show-posts-single post-4200 post type-post status-publish format-standard has-post-thumbnail hentry category-nivel-medio tag-ingreso tag-rectorado wpsp-col-4" itemtype="http://schema.org/CreativeWork" itemscope><div class="wp-show-posts-inner" style="">		<div class="wp-show-posts-image  wpsp-image-center ">
			<a href="https://spangenberg-caba.infd.edu.ar/sitio/inscripcion-a-nivel-medio-20277/"  title="INSCRIPCIÓN A NIVEL MEDIO 2027">					<img src="https://spangenberg-caba.infd.edu.ar/sitio/wp-content/uploads/2026/08/FLYER-INGRESO-A-NIVEL-MEDIO-2027-500x500.jpg" alt="INSCRIPCIÓN A NIVEL MEDIO 2027" itemprop="image" class="center" />
				</a>		</div>
								<header class="wp-show-posts-entry-header">
							<h2 class="wp-show-posts-entry-title" itemprop="headline"><a href="https://spangenberg-caba.infd.edu.ar/sitio/inscripcion-a-nivel-medio-20277/" rel="bookmark">INSCRIPCIÓN A NIVEL MEDIO 2027</a></h2>						</header><!-- .entry-header -->
											<div class="wp-show-posts-entry-summary" itemprop="text">
							<p>Comenzó la inscripción a los exámenes de ingreso para 1° año 2027. Compartimos la información con todos/as los/as interesados/as. INFORMACIÓN GENERAL</p>
						</div><!-- .entry-summary -->
					</div><!-- wp-show-posts-inner --></article><article class=" wp-show-posts-single post-4193 post type-post status-publish format-standard has-post-thumbnail hentry category-institucional tag-rectorado wpsp-col-4" itemtype="http://schema.org/CreativeWork" itemscope><div class="wp-show-posts-inner" style="">		<div class="wp-show-posts-image  wpsp-image-center ">
			<a href="https://spangenberg-caba.infd.edu.ar/sitio/feliz-receso-invernal-2/"  title="¡FELIZ RECESO INVERNAL!">					<img src="https://spangenberg-caba.infd.edu.ar/sitio/wp-content/uploads/2025/07/Blue-and-White-Simple-Goodbye-Winter-Flyer-500x500.png" alt="¡FELIZ RECESO INVERNAL!" itemprop="image" class="center" />
				</a>		</div>
								<header class="wp-show-posts-entry-header">
							<h2 class="wp-show-posts-entry-title" itemprop="headline"><a href="https://spangenberg-caba.infd.edu.ar/sitio/feliz-receso-invernal-2/" rel="bookmark">¡FELIZ RECESO INVERNAL!</a></h2>						</header><!-- .entry-header -->
											<div class="wp-show-posts-entry-summary" itemprop="text">
							<p>A toda la comunidad del «Lengüitas»: La primera mitad del año termina hoy. Durante las próximas dos semanas, no habrá clases y tendremos más tiempo para dedicarnos a todo aquello&#8230;</p>
						</div><!-- .entry-summary -->
					</div><!-- wp-show-posts-inner --></article><div class="wpsp-clear"></div></section><!-- .wp-show-posts -->

<p>La Escuela Normal Superior en Lenguas Vivas Sofía Esther Broquen de Spangenberg (Ex John F. Kennedy), apodada popularmente «Lengüitas», es una institución educativa de carácter público y gestión estatal de enseñanza inicial, primaria, secundaria y terciaria. Depende del Ministerio de Educación e Innovación del Gobierno de la Ciudad Autónoma de Buenos Aires. Su fundación fue &#8230; <a title="¡FELIZ RECESO INVERNAL!" class="read-more" href="https://spangenberg-caba.infd.edu.ar/sitio/feliz-receso-invernal-2/" aria-label="More on ¡FELIZ RECESO INVERNAL!">[+]</a></p>
