{"id":286,"date":"2022-02-28T11:36:00","date_gmt":"2022-02-28T14:36:00","guid":{"rendered":"https:\/\/spangenberg-caba.infd.edu.ar\/sitio\/?page_id=286"},"modified":"2025-11-19T23:01:13","modified_gmt":"2025-11-20T02:01:13","slug":"inicio","status":"publish","type":"page","link":"https:\/\/spangenberg-caba.infd.edu.ar\/sitio\/","title":{"rendered":"INICIO"},"content":{"rendered":"<p><span style=\"font-weight: 300;\">La Escuela Normal Superior en Lenguas Vivas Sof\u00eda Esther Broquen de Spangenberg (Ex John F. Kennedy), apodada popularmente \u00abLeng\u00fcitas\u00bb, es una instituci\u00f3n educativa de car\u00e1cter p\u00fablico y gesti\u00f3n estatal de ense\u00f1anza inicial, primaria, secundaria y terciaria. Depende del Ministerio de Educaci\u00f3n e Innovaci\u00f3n del Gobierno de la Ciudad Aut\u00f3noma de Buenos Aires.<\/span><\/p>\n<p><span style=\"font-weight: 300;\">Su fundaci\u00f3n fue en 1957 e inicialmente era un colegio exclusivamente para mujeres. Su nombre original fue \u201cInstituto Nacional Normal Superior en Lenguas Vivas John F. Kennedy\u201d, pero esa denominaci\u00f3n fue cambiada\u00a0 en el a\u00f1o 2004 por el de una de sus fundadoras y directora, la profesora Sof\u00eda Esther Broquen de Spangenberg.<\/span><\/p>\n<style>.wp-show-posts-columns#wpsp-383 {margin-left: -2em; }.wp-show-posts-columns#wpsp-383 .wp-show-posts-inner {margin: 0 0 2em 2em; }<\/style><section id=\"wpsp-383\" class=\" wp-show-posts-columns wp-show-posts\" style=\"\"><article class=\" wp-show-posts-single post-4171 post type-post status-publish format-standard has-post-thumbnail hentry category-sin-categoria tag-rectorado wpsp-col-4\" itemtype=\"http:\/\/schema.org\/CreativeWork\" itemscope><div class=\"wp-show-posts-inner\" style=\"\">\t\t<div class=\"wp-show-posts-image  wpsp-image-center \">\n\t\t\t<a href=\"https:\/\/spangenberg-caba.infd.edu.ar\/sitio\/inscripciones-amenazantes\/\"  title=\"INSCRIPCIONES AMENAZANTES\">\t\t\t\t\t<img src=\"https:\/\/spangenberg-caba.infd.edu.ar\/sitio\/wp-content\/uploads\/2024\/09\/WhatsApp-Image-2024-09-18-at-13.25.14-1-500x500.jpeg\" alt=\"INSCRIPCIONES AMENAZANTES\" itemprop=\"image\" class=\"center\" \/>\n\t\t\t\t<\/a>\t\t<\/div>\n\t\t\t\t\t\t\t\t<header class=\"wp-show-posts-entry-header\">\n\t\t\t\t\t\t\t<h2 class=\"wp-show-posts-entry-title\" itemprop=\"headline\"><a href=\"https:\/\/spangenberg-caba.infd.edu.ar\/sitio\/inscripciones-amenazantes\/\" rel=\"bookmark\">INSCRIPCIONES AMENAZANTES<\/a><\/h2>\t\t\t\t\t\t<\/header><!-- .entry-header -->\n\t\t\t\t\t\t\t\t\t\t\t<div class=\"wp-show-posts-entry-summary\" itemprop=\"text\">\n\t\t\t\t\t\t\t<p>A toda la comunidad del \u201cLeng\u00fcitas\u201d: Desde el equipo de conducci\u00f3n les escribimos para informarles que hoy apareci\u00f3 una inscripci\u00f3n intimidante en un ba\u00f1o del segundo piso de nuestra escuela&#8230;.<\/p>\n\t\t\t\t\t\t<\/div><!-- .entry-summary -->\n\t\t\t\t\t<\/div><!-- wp-show-posts-inner --><\/article><article class=\" wp-show-posts-single post-4168 post type-post status-publish format-standard has-post-thumbnail hentry category-nivel-medio tag-rectorado wpsp-col-4\" itemtype=\"http:\/\/schema.org\/CreativeWork\" itemscope><div class=\"wp-show-posts-inner\" style=\"\">\t\t<div class=\"wp-show-posts-image  wpsp-image-center \">\n\t\t\t<a href=\"https:\/\/spangenberg-caba.infd.edu.ar\/sitio\/inscripcion-curso-de-nivelacion-frances-2027\/\"  title=\"INSCRIPCI\u00d3N CURSO DE NIVELACI\u00d3N &#8211; FRANC\u00c9S 2027\">\t\t\t\t\t<img src=\"https:\/\/spangenberg-caba.infd.edu.ar\/sitio\/wp-content\/uploads\/2025\/09\/logo-sin-fondo-500x500.png\" alt=\"INSCRIPCI\u00d3N CURSO DE NIVELACI\u00d3N &#8211; FRANC\u00c9S 2027\" itemprop=\"image\" class=\"center\" \/>\n\t\t\t\t<\/a>\t\t<\/div>\n\t\t\t\t\t\t\t\t<header class=\"wp-show-posts-entry-header\">\n\t\t\t\t\t\t\t<h2 class=\"wp-show-posts-entry-title\" itemprop=\"headline\"><a href=\"https:\/\/spangenberg-caba.infd.edu.ar\/sitio\/inscripcion-curso-de-nivelacion-frances-2027\/\" rel=\"bookmark\">INSCRIPCI\u00d3N CURSO DE NIVELACI\u00d3N &#8211; FRANC\u00c9S 2027<\/a><\/h2>\t\t\t\t\t\t<\/header><!-- .entry-header -->\n\t\t\t\t\t\t\t\t\t\t\t<div class=\"wp-show-posts-entry-summary\" itemprop=\"text\">\n\t\t\t\t\t\t\t<p>Comenz\u00f3 la\u00a0Inscripci\u00f3n al Curso de Ingreso + Nivelaci\u00f3n para 1\u00b0 a\u00f1o 2027 en FRANC\u00c9S.Los alumnos de 7\u00b0 grado del Leng\u00fcitas y de otras Escuelas se pueden inscribir en el siguiente&#8230;<\/p>\n\t\t\t\t\t\t<\/div><!-- .entry-summary -->\n\t\t\t\t\t<\/div><!-- wp-show-posts-inner --><\/article><article class=\" wp-show-posts-single post-4161 post type-post status-publish format-standard has-post-thumbnail hentry category-sin-categoria tag-efemerides tag-rectorado wpsp-col-4\" itemtype=\"http:\/\/schema.org\/CreativeWork\" itemscope><div class=\"wp-show-posts-inner\" style=\"\">\t\t<div class=\"wp-show-posts-image  wpsp-image-center \">\n\t\t\t<a href=\"https:\/\/spangenberg-caba.infd.edu.ar\/sitio\/efemerides-2-de-abril\/\"  title=\"EFEM\u00c9RIDES &#8211; 2 DE ABRIL\">\t\t\t\t\t<img src=\"https:\/\/spangenberg-caba.infd.edu.ar\/sitio\/wp-content\/uploads\/2026\/04\/MALVINAS-500x500.webp\" alt=\"EFEM\u00c9RIDES &#8211; 2 DE ABRIL\" itemprop=\"image\" class=\"center\" \/>\n\t\t\t\t<\/a>\t\t<\/div>\n\t\t\t\t\t\t\t\t<header class=\"wp-show-posts-entry-header\">\n\t\t\t\t\t\t\t<h2 class=\"wp-show-posts-entry-title\" itemprop=\"headline\"><a href=\"https:\/\/spangenberg-caba.infd.edu.ar\/sitio\/efemerides-2-de-abril\/\" rel=\"bookmark\">EFEM\u00c9RIDES &#8211; 2 DE ABRIL<\/a><\/h2>\t\t\t\t\t\t<\/header><!-- .entry-header -->\n\t\t\t\t\t\t\t\t\t\t\t<div class=\"wp-show-posts-entry-summary\" itemprop=\"text\">\n\t\t\t\t\t\t\t<p>Nos hubiera gustado enviar este texto antes, pero la din\u00e1mica institucional, a veces, hace que lo planificado no coincida con las posibilidades reales.&nbsp; Igualmente, seguimos en \u201cla semana de Malvinas\u201d,&#8230;<\/p>\n\t\t\t\t\t\t<\/div><!-- .entry-summary -->\n\t\t\t\t\t<\/div><!-- wp-show-posts-inner --><\/article><div class=\"wpsp-clear\"><\/div><\/section><!-- .wp-show-posts -->\n","protected":false},"excerpt":{"rendered":"<p>La Escuela Normal Superior en Lenguas Vivas Sof\u00eda Esther Broquen de Spangenberg (Ex John F. Kennedy), apodada popularmente \u00abLeng\u00fcitas\u00bb, es una instituci\u00f3n educativa de car\u00e1cter p\u00fablico y gesti\u00f3n estatal de ense\u00f1anza inicial, primaria, secundaria y terciaria. Depende del Ministerio de Educaci\u00f3n e Innovaci\u00f3n del Gobierno de la Ciudad Aut\u00f3noma de Buenos Aires. Su fundaci\u00f3n fue &#8230; <a title=\"EFEM\u00c9RIDES &#8211; 2 DE ABRIL\" class=\"read-more\" href=\"https:\/\/spangenberg-caba.infd.edu.ar\/sitio\/efemerides-2-de-abril\/\" aria-label=\"More on EFEM\u00c9RIDES &#8211; 2 DE ABRIL\">[+]<\/a><\/p>\n","protected":false},"author":1749,"featured_media":3218,"parent":0,"menu_order":0,"comment_status":"closed","ping_status":"closed","template":"","meta":[],"acf":[],"_links":{"self":[{"href":"https:\/\/spangenberg-caba.infd.edu.ar\/sitio\/wp-json\/wp\/v2\/pages\/286"}],"collection":[{"href":"https:\/\/spangenberg-caba.infd.edu.ar\/sitio\/wp-json\/wp\/v2\/pages"}],"about":[{"href":"https:\/\/spangenberg-caba.infd.edu.ar\/sitio\/wp-json\/wp\/v2\/types\/page"}],"author":[{"embeddable":true,"href":"https:\/\/spangenberg-caba.infd.edu.ar\/sitio\/wp-json\/wp\/v2\/users\/1749"}],"replies":[{"embeddable":true,"href":"https:\/\/spangenberg-caba.infd.edu.ar\/sitio\/wp-json\/wp\/v2\/comments?post=286"}],"version-history":[{"count":153,"href":"https:\/\/spangenberg-caba.infd.edu.ar\/sitio\/wp-json\/wp\/v2\/pages\/286\/revisions"}],"predecessor-version":[{"id":4095,"href":"https:\/\/spangenberg-caba.infd.edu.ar\/sitio\/wp-json\/wp\/v2\/pages\/286\/revisions\/4095"}],"wp:featuredmedia":[{"embeddable":true,"href":"https:\/\/spangenberg-caba.infd.edu.ar\/sitio\/wp-json\/wp\/v2\/media\/3218"}],"wp:attachment":[{"href":"https:\/\/spangenberg-caba.infd.edu.ar\/sitio\/wp-json\/wp\/v2\/media?parent=286"}],"curies":[{"name":"wp","href":"https:\/\/api.w.org\/{rel}","templated":true}]}}

<p><span style="font-weight: 300;">La Escuela Normal Superior en Lenguas Vivas Sofía Esther Broquen de Spangenberg (Ex John F. Kennedy), apodada popularmente «Lengüitas», es una institución educativa de carácter público y gestión estatal de enseñanza inicial, primaria, secundaria y terciaria. Depende del Ministerio de Educación e Innovación del Gobierno de la Ciudad Autónoma de Buenos Aires.</span></p>
<p><span style="font-weight: 300;">Su fundación fue en 1957 e inicialmente era un colegio exclusivamente para mujeres. Su nombre original fue “Instituto Nacional Normal Superior en Lenguas Vivas John F. Kennedy”, pero esa denominación fue cambiada  en el año 2004 por el de una de sus fundadoras y directora, la profesora Sofía Esther Broquen de Spangenberg.</span></p>
<style>.wp-show-posts-columns#wpsp-383 {margin-left: -2em; }.wp-show-posts-columns#wpsp-383 .wp-show-posts-inner {margin: 0 0 2em 2em; }</style><section id="wpsp-383" class=" wp-show-posts-columns wp-show-posts" style=""><article class=" wp-show-posts-single post-4171 post type-post status-publish format-standard has-post-thumbnail hentry category-sin-categoria tag-rectorado wpsp-col-4" itemtype="http://schema.org/CreativeWork" itemscope><div class="wp-show-posts-inner" style="">		<div class="wp-show-posts-image  wpsp-image-center ">
			<a href="https://spangenberg-caba.infd.edu.ar/sitio/inscripciones-amenazantes/"  title="INSCRIPCIONES AMENAZANTES">					<img src="https://spangenberg-caba.infd.edu.ar/sitio/wp-content/uploads/2024/09/WhatsApp-Image-2024-09-18-at-13.25.14-1-500x500.jpeg" alt="INSCRIPCIONES AMENAZANTES" itemprop="image" class="center" />
				</a>		</div>
								<header class="wp-show-posts-entry-header">
							<h2 class="wp-show-posts-entry-title" itemprop="headline"><a href="https://spangenberg-caba.infd.edu.ar/sitio/inscripciones-amenazantes/" rel="bookmark">INSCRIPCIONES AMENAZANTES</a></h2>						</header><!-- .entry-header -->
											<div class="wp-show-posts-entry-summary" itemprop="text">
							<p>A toda la comunidad del “Lengüitas”: Desde el equipo de conducción les escribimos para informarles que hoy apareció una inscripción intimidante en un baño del segundo piso de nuestra escuela&#8230;.</p>
						</div><!-- .entry-summary -->
					</div><!-- wp-show-posts-inner --></article><article class=" wp-show-posts-single post-4168 post type-post status-publish format-standard has-post-thumbnail hentry category-nivel-medio tag-rectorado wpsp-col-4" itemtype="http://schema.org/CreativeWork" itemscope><div class="wp-show-posts-inner" style="">		<div class="wp-show-posts-image  wpsp-image-center ">
			<a href="https://spangenberg-caba.infd.edu.ar/sitio/inscripcion-curso-de-nivelacion-frances-2027/"  title="INSCRIPCIÓN CURSO DE NIVELACIÓN &#8211; FRANCÉS 2027">					<img src="https://spangenberg-caba.infd.edu.ar/sitio/wp-content/uploads/2025/09/logo-sin-fondo-500x500.png" alt="INSCRIPCIÓN CURSO DE NIVELACIÓN &#8211; FRANCÉS 2027" itemprop="image" class="center" />
				</a>		</div>
								<header class="wp-show-posts-entry-header">
							<h2 class="wp-show-posts-entry-title" itemprop="headline"><a href="https://spangenberg-caba.infd.edu.ar/sitio/inscripcion-curso-de-nivelacion-frances-2027/" rel="bookmark">INSCRIPCIÓN CURSO DE NIVELACIÓN &#8211; FRANCÉS 2027</a></h2>						</header><!-- .entry-header -->
											<div class="wp-show-posts-entry-summary" itemprop="text">
							<p>Comenzó la Inscripción al Curso de Ingreso + Nivelación para 1° año 2027 en FRANCÉS.Los alumnos de 7° grado del Lengüitas y de otras Escuelas se pueden inscribir en el siguiente&#8230;</p>
						</div><!-- .entry-summary -->
					</div><!-- wp-show-posts-inner --></article><article class=" wp-show-posts-single post-4161 post type-post status-publish format-standard has-post-thumbnail hentry category-sin-categoria tag-efemerides tag-rectorado wpsp-col-4" itemtype="http://schema.org/CreativeWork" itemscope><div class="wp-show-posts-inner" style="">		<div class="wp-show-posts-image  wpsp-image-center ">
			<a href="https://spangenberg-caba.infd.edu.ar/sitio/efemerides-2-de-abril/"  title="EFEMÉRIDES &#8211; 2 DE ABRIL">					<img src="https://spangenberg-caba.infd.edu.ar/sitio/wp-content/uploads/2026/04/MALVINAS-500x500.webp" alt="EFEMÉRIDES &#8211; 2 DE ABRIL" itemprop="image" class="center" />
				</a>		</div>
								<header class="wp-show-posts-entry-header">
							<h2 class="wp-show-posts-entry-title" itemprop="headline"><a href="https://spangenberg-caba.infd.edu.ar/sitio/efemerides-2-de-abril/" rel="bookmark">EFEMÉRIDES &#8211; 2 DE ABRIL</a></h2>						</header><!-- .entry-header -->
											<div class="wp-show-posts-entry-summary" itemprop="text">
							<p>Nos hubiera gustado enviar este texto antes, pero la dinámica institucional, a veces, hace que lo planificado no coincida con las posibilidades reales.&nbsp; Igualmente, seguimos en “la semana de Malvinas”,&#8230;</p>
						</div><!-- .entry-summary -->
					</div><!-- wp-show-posts-inner --></article><div class="wpsp-clear"></div></section><!-- .wp-show-posts -->

<p>La Escuela Normal Superior en Lenguas Vivas Sofía Esther Broquen de Spangenberg (Ex John F. Kennedy), apodada popularmente «Lengüitas», es una institución educativa de carácter público y gestión estatal de enseñanza inicial, primaria, secundaria y terciaria. Depende del Ministerio de Educación e Innovación del Gobierno de la Ciudad Autónoma de Buenos Aires. Su fundación fue &#8230; <a title="EFEMÉRIDES &#8211; 2 DE ABRIL" class="read-more" href="https://spangenberg-caba.infd.edu.ar/sitio/efemerides-2-de-abril/" aria-label="More on EFEMÉRIDES &#8211; 2 DE ABRIL">[+]</a></p>
