{"id":3209,"date":"2024-04-11T00:05:59","date_gmt":"2024-04-11T03:05:59","guid":{"rendered":"https:\/\/spangenberg-caba.infd.edu.ar\/sitio\/?page_id=3209"},"modified":"2024-04-16T18:15:12","modified_gmt":"2024-04-16T21:15:12","slug":"descripcion-del-nivel","status":"publish","type":"page","link":"https:\/\/spangenberg-caba.infd.edu.ar\/sitio\/descripcion-del-nivel\/","title":{"rendered":"Descripci\u00f3n del nivel"},"content":{"rendered":"\n<p>El Nivel Inicial de nuestra escuela fue creado el 15 de abril de 1994, abriendo en su totalidad seis salas que funcionaban en diferentes turnos, tres para la ma\u00f1ana abarcando los tres niveles de edad e igual cantidad de secciones en el turno tarde.<\/p>\n\n\n\n<p>En el mes de septiembre de 1995 fue aceptada la creaci\u00f3n de otra sala para la secci\u00f3n de 5 a\u00f1os que pudo satisfacer la necesidad de dar ingreso a todos los hermanos e hijos de personal de la Escuela y a un sector de la Comunidad. Con esta creaci\u00f3n qued\u00f3 conformada la siguiente estructura: una sala 3 a\u00f1os, una sala de 4 a\u00f1os, y dos salas de 5 a\u00f1os en cada turno.<\/p>\n\n\n\n<p><strong>Organigrama<\/strong><\/p>\n\n\n\n<p>El organigrama correspondiente al nivel abarca los siguientes cargos:<\/p>\n\n\n\n<ul>\n<li>Directora (Jornada Completa): Prof. \u00c9rika Marchetti<\/li>\n\n\n\n<li>Vicedirectora (Jornada Completa): Prof. Hilda Pereyra<\/li>\n\n\n\n<li>Maestra Secretaria (Jornada Completa): Prof. \u00c9rica Pfurr<\/li>\n\n\n\n<li>10 Maestras de Secci\u00f3n<\/li>\n\n\n\n<li>5 Maestras Auxiliares distribuidas en cada turno<\/li>\n\n\n\n<li>3 Maestras de Educaci\u00f3n F\u00edsica<\/li>\n\n\n\n<li>3 Maestras de Educaci\u00f3n Musical distribuidas en ambos turnos.<\/li>\n<\/ul>\n\n\n\n<p><strong>Estructura<\/strong><\/p>\n\n\n\n<p>En la actualidad, la estructura de Nivel Inicial, adecu\u00e1ndose a las necesidades de la propia instituci\u00f3n y de la comunidad, est\u00e1 conformada de la siguiente manera:<\/p>\n\n\n\n<p><strong>Turno Ma\u00f1ana<\/strong>&nbsp;(horario de clases: 8.45 a 12)<\/p>\n\n\n\n<ul>\n<li>Una sala para&nbsp;ni\u00f1os\/as de&nbsp;2 a\u00f1os<\/li>\n\n\n\n<li>Una sala para ni\u00f1os\/as de 3 a\u00f1os<\/li>\n\n\n\n<li>Dos salas para ni\u00f1os\/as de 4 a\u00f1os<\/li>\n\n\n\n<li>Una sala para ni\u00f1os\/as de 5 a\u00f1os<\/li>\n<\/ul>\n\n\n\n<p><strong>Turno Tarde<\/strong>&nbsp;(horario de clases: 13 a 16.15)<\/p>\n\n\n\n<ul>\n<li>Una sala para&nbsp;ni\u00f1os\/as de&nbsp;2 a\u00f1os<\/li>\n\n\n\n<li>Una sala para ni\u00f1os\/as de 3 a\u00f1os<\/li>\n\n\n\n<li>Una sala para ni\u00f1os\/as de 4 a\u00f1os<\/li>\n\n\n\n<li>Dos salas para ni\u00f1os\/as de 5 a\u00f1os<\/li>\n<\/ul>\n","protected":false},"excerpt":{"rendered":"<p>El Nivel Inicial de nuestra escuela fue creado el 15 de abril de 1994, abriendo en su totalidad seis salas que funcionaban en diferentes turnos, tres para la ma\u00f1ana abarcando los tres niveles de edad e igual cantidad de secciones en el turno tarde. En el mes de septiembre de 1995 fue aceptada la creaci\u00f3n &#8230; <a title=\"Descripci\u00f3n del nivel\" class=\"read-more\" href=\"https:\/\/spangenberg-caba.infd.edu.ar\/sitio\/descripcion-del-nivel\/\" aria-label=\"More on Descripci\u00f3n del nivel\">[+]<\/a><\/p>\n","protected":false},"author":1749,"featured_media":3214,"parent":0,"menu_order":0,"comment_status":"closed","ping_status":"closed","template":"","meta":[],"acf":[],"_links":{"self":[{"href":"https:\/\/spangenberg-caba.infd.edu.ar\/sitio\/wp-json\/wp\/v2\/pages\/3209"}],"collection":[{"href":"https:\/\/spangenberg-caba.infd.edu.ar\/sitio\/wp-json\/wp\/v2\/pages"}],"about":[{"href":"https:\/\/spangenberg-caba.infd.edu.ar\/sitio\/wp-json\/wp\/v2\/types\/page"}],"author":[{"embeddable":true,"href":"https:\/\/spangenberg-caba.infd.edu.ar\/sitio\/wp-json\/wp\/v2\/users\/1749"}],"replies":[{"embeddable":true,"href":"https:\/\/spangenberg-caba.infd.edu.ar\/sitio\/wp-json\/wp\/v2\/comments?post=3209"}],"version-history":[{"count":2,"href":"https:\/\/spangenberg-caba.infd.edu.ar\/sitio\/wp-json\/wp\/v2\/pages\/3209\/revisions"}],"predecessor-version":[{"id":3335,"href":"https:\/\/spangenberg-caba.infd.edu.ar\/sitio\/wp-json\/wp\/v2\/pages\/3209\/revisions\/3335"}],"wp:featuredmedia":[{"embeddable":true,"href":"https:\/\/spangenberg-caba.infd.edu.ar\/sitio\/wp-json\/wp\/v2\/media\/3214"}],"wp:attachment":[{"href":"https:\/\/spangenberg-caba.infd.edu.ar\/sitio\/wp-json\/wp\/v2\/media?parent=3209"}],"curies":[{"name":"wp","href":"https:\/\/api.w.org\/{rel}","templated":true}]}}