{"id":3329,"date":"2024-04-16T17:53:00","date_gmt":"2024-04-16T20:53:00","guid":{"rendered":"https:\/\/spangenberg-caba.infd.edu.ar\/sitio\/?page_id=3329"},"modified":"2024-04-16T17:55:34","modified_gmt":"2024-04-16T20:55:34","slug":"descripcion-del-nivel-3","status":"publish","type":"page","link":"https:\/\/spangenberg-caba.infd.edu.ar\/sitio\/descripcion-del-nivel-3\/","title":{"rendered":"Descripci\u00f3n del nivel"},"content":{"rendered":"\n<p>El Nivel Secundario de nuestra escuela ofrece un Ciclo B\u00e1sico con una carga horaria de siete horas semanales de primer idioma Ingl\u00e9s o Franc\u00e9s.&nbsp;<\/p>\n\n\n\n<p>A partir del a\u00f1o 2015, comenz\u00f3 la Nueva Escuela Secundaria (<a href=\"http:\/\/www.buenosaires.gob.ar\/areas\/educacion\/nes.php\" target=\"_blank\" rel=\"noreferrer noopener\"><strong>NES<\/strong><\/a>), cuyo desarrollo en el Ciclo de Formaci\u00f3n General est\u00e1 normado por la R 1505\/MEGC\/2014:<\/p>\n\n\n\n<ul>\n<li><strong><a href=\"https:\/\/spangenberg-caba.infd.edu.ar\/sitio\/nivel-secundario\/upload\/res_megc_1505_14_FG_NES.pdf\" target=\"_blank\" rel=\"noreferrer noopener\">RM 1505<\/a><\/strong><\/li>\n\n\n\n<li><a href=\"https:\/\/spangenberg-caba.infd.edu.ar\/sitio\/nivel-secundario\/upload\/res_megc_1505_14a1_FG_NES_1.pdf\" target=\"_blank\" rel=\"noreferrer noopener\"><strong>Anexo 1<\/strong><\/a>: grilla curricular<\/li>\n\n\n\n<li><a href=\"https:\/\/spangenberg-caba.infd.edu.ar\/sitio\/nivel-secundario\/upload\/res_megc_1505_14a2_FG_NES.pdf\" target=\"_blank\" rel=\"noreferrer noopener\"><strong>Anexo 2<\/strong><\/a>: Condiciones de adecuaci\u00f3n de la grilla<\/li>\n<\/ul>\n\n\n\n<p><a href=\"https:\/\/spangenberg-caba.infd.edu.ar\/sitio\/nivel-secundario\/index.cgi?wid_seccion=24\" target=\"_blank\" rel=\"noreferrer noopener\"><strong>Biling\u00fcismo en ingl\u00e9s en una secci\u00f3n<\/strong><\/a><\/p>\n\n\n\n<p>Se completa con las&nbsp;<strong><a href=\"https:\/\/spangenberg-caba.infd.edu.ar\/sitio\/nivel-secundario\/upload\/RES.321MEGC15-.pdf\" target=\"_blank\" rel=\"noreferrer noopener\">RM 321\/15<\/a><\/strong>&nbsp;y su modificatoria&nbsp;<a href=\"https:\/\/spangenberg-caba.infd.edu.ar\/sitio\/nivel-secundario\/upload\/RS-1189-Recitificativa_de_la_NES-1.pdf\" target=\"_blank\" rel=\"noreferrer noopener\"><strong>1189\/15<\/strong><\/a><br>Ya desde 3er. a\u00f1o los alumnos podr\u00e1n elegir entre cuatro orientaciones:<\/p>\n\n\n\n<ul>\n<li><a href=\"https:\/\/spangenberg-caba.infd.edu.ar\/sitio\/nivel-secundario\/upload\/ANEXO_XIII_LITERATURA.pdf\" target=\"_blank\" rel=\"noreferrer noopener\"><strong>Bachillerato en Literatura<\/strong><\/a><\/li>\n\n\n\n<li><strong><a href=\"https:\/\/spangenberg-caba.infd.edu.ar\/sitio\/nivel-secundario\/upload\/ANEXO_VI_SOCIALES.pdf\" target=\"_blank\" rel=\"noreferrer noopener\">Bachillerato&nbsp;en Ciencias Sociales y Humanidades<\/a><\/strong><\/li>\n\n\n\n<li><a href=\"https:\/\/spangenberg-caba.infd.edu.ar\/sitio\/nivel-secundario\/upload\/ANEXO_V_NATURALES.pdf\" target=\"_blank\" rel=\"noreferrer noopener\"><strong>Bachillerato&nbsp;en Ciencias Naturales<\/strong><\/a><\/li>\n\n\n\n<li><strong><a href=\"https:\/\/spangenberg-caba.infd.edu.ar\/sitio\/nivel-secundario\/upload\/ANEXO_IX_LENGUAS.pdf\" target=\"_blank\" rel=\"noreferrer noopener\">Bachillerato&nbsp;en Lenguas<\/a><\/strong><\/li>\n<\/ul>\n\n\n\n<p>[Anexos de la RM 1189\/15]<\/p>\n\n\n\n<ul>\n<li><strong><a href=\"https:\/\/spangenberg-caba.infd.edu.ar\/sitio\/nivel-secundario\/upload\/IF-2015-03036900--DGPLINED_LITERATURA.pdf\" target=\"_blank\" rel=\"noreferrer noopener\">Bachillerato en Literatura<\/a><\/strong><\/li>\n\n\n\n<li><strong><a href=\"https:\/\/spangenberg-caba.infd.edu.ar\/sitio\/nivel-secundario\/upload\/IF-2015-03035868--DGPLINED_CSOC_Y_HUM.pdf\" target=\"_blank\" rel=\"noreferrer noopener\">Bachillerato en Ciencias Sociales y Humanidades<\/a><\/strong><\/li>\n\n\n\n<li><strong><a href=\"https:\/\/spangenberg-caba.infd.edu.ar\/sitio\/nivel-secundario\/upload\/IF-2015-03035514--DGPLINED_CNATURALES.pdf\" target=\"_blank\" rel=\"noreferrer noopener\">Bachillerato en Ciencias Naturales<\/a><\/strong><\/li>\n\n\n\n<li><strong><a href=\"https:\/\/spangenberg-caba.infd.edu.ar\/sitio\/nivel-secundario\/upload\/IF-2015-03036111--DGPLINED_LENGUAS.pdf\" target=\"_blank\" rel=\"noreferrer noopener\">Bachillerato en Lenguas<\/a><\/strong><\/li>\n<\/ul>\n\n\n\n<p>Todos contin\u00faan con el primer idioma Ingl\u00e9s o Franc\u00e9s y agregan un segundo idioma (Alem\u00e1n, Italiano, Portugu\u00e9s, Franc\u00e9s o Ingl\u00e9s).&nbsp;<\/p>\n\n\n\n<p>[<a href=\"https:\/\/spangenberg-caba.infd.edu.ar\/sitio\/nivel-secundario\/upload\/RS-2015-1597-MEGC.pdf\" target=\"_blank\" rel=\"noreferrer noopener\"><strong>RM 1597\/15<\/strong>&nbsp;<\/a>s\/lenguas adicionales]<\/p>\n\n\n\n<p>Se desarrolla el Proyecto 13, similar al r\u00e9gimen de profesor por cargo, que permite el dictado de talleres extraclases (como teatro en Espa\u00f1ol, Ingl\u00e9s y Franc\u00e9s, Taller Literario, Arte, Cine, Debate Parlamentario o Deportes) y actividades de consultor\u00eda \/ apoyo en las distintas materias.<\/p>\n\n\n\n<p>Nuestros alumnos pueden acceder a la certificaci\u00f3n&nbsp;<strong><a href=\"http:\/\/www.buenosaires.gob.ar\/areas\/educacion\/programas\/cle\/\" target=\"_blank\" rel=\"noreferrer noopener\">CLE<\/a><\/strong>,&nbsp;que incluye ex\u00e1menes que acreditan los conocimientos que han completado en los diferentes ciclos de aprendizaje de los idiomas alem\u00e1n, ingl\u00e9s, italiano y franc\u00e9s.&nbsp;Se trata de los Certificados en Lenguas Extranjeras, gratuitos y optativos para todos los alumnos que cursan estudios en escuelas de gesti\u00f3n estatal y privada en CABA.<\/p>\n\n\n\n<p>La ENS prepara adem\u00e1s,&nbsp;<strong>desde hace 27 a\u00f1os<\/strong>,&nbsp;para rendir el&nbsp;<a href=\"http:\/\/www.ibo.org\/es\/programmes\/diploma-programme\/\" target=\"_blank\" rel=\"noreferrer noopener\"><strong>Diploma<\/strong><\/a>&nbsp;de&nbsp;<strong><a href=\"http:\/\/www.ibo.org\/es\/\" target=\"_blank\" rel=\"noreferrer noopener\">Bachillerato Internacional<\/a>.<\/strong><\/p>\n\n\n\n<p><em>~<strong><a href=\"http:\/\/www.buenosaires.gob.ar\/areas\/educacion\/nes\/marconorm.php\" target=\"_blank\" rel=\"noreferrer noopener\">Marco normativo NES<\/a><\/strong>~<\/em><\/p>\n\n\n\n<hr class=\"wp-block-separator has-alpha-channel-opacity\"\/>\n\n\n\n<p>Los alumnos que ya se encuentran cursando desde 2014, tendr\u00e1n las siguientes orientaciones:<\/p>\n\n\n\n<ul>\n<li>Bachillerato Biling\u00fce modalizado en Letras<\/li>\n\n\n\n<li>Bachillerato Biling\u00fce modalizado en Humanidades<\/li>\n\n\n\n<li>Bachillerato Biling\u00fce modalizado en Ciencias Naturales<\/li>\n\n\n\n<li>Bachillerato Biling\u00fce modalizado en Ciencias y Letras<\/li>\n<\/ul>\n\n\n\n<p><strong><a href=\"https:\/\/spangenberg-caba.infd.edu.ar\/sitio\/nivel-secundario\/upload\/modalidades.pdf\" target=\"_blank\" rel=\"noreferrer noopener\">Ver plan de estudios<\/a><\/strong><\/p>\n","protected":false},"excerpt":{"rendered":"<p>El Nivel Secundario de nuestra escuela ofrece un Ciclo B\u00e1sico con una carga horaria de siete horas semanales de primer idioma Ingl\u00e9s o Franc\u00e9s.&nbsp; A partir del a\u00f1o 2015, comenz\u00f3 la Nueva Escuela Secundaria (NES), cuyo desarrollo en el Ciclo de Formaci\u00f3n General est\u00e1 normado por la R 1505\/MEGC\/2014: Biling\u00fcismo en ingl\u00e9s en una secci\u00f3n &#8230; <a title=\"Descripci\u00f3n del nivel\" class=\"read-more\" href=\"https:\/\/spangenberg-caba.infd.edu.ar\/sitio\/descripcion-del-nivel-3\/\" aria-label=\"More on Descripci\u00f3n del nivel\">[+]<\/a><\/p>\n","protected":false},"author":1749,"featured_media":3134,"parent":0,"menu_order":0,"comment_status":"closed","ping_status":"closed","template":"","meta":[],"acf":[],"_links":{"self":[{"href":"https:\/\/spangenberg-caba.infd.edu.ar\/sitio\/wp-json\/wp\/v2\/pages\/3329"}],"collection":[{"href":"https:\/\/spangenberg-caba.infd.edu.ar\/sitio\/wp-json\/wp\/v2\/pages"}],"about":[{"href":"https:\/\/spangenberg-caba.infd.edu.ar\/sitio\/wp-json\/wp\/v2\/types\/page"}],"author":[{"embeddable":true,"href":"https:\/\/spangenberg-caba.infd.edu.ar\/sitio\/wp-json\/wp\/v2\/users\/1749"}],"replies":[{"embeddable":true,"href":"https:\/\/spangenberg-caba.infd.edu.ar\/sitio\/wp-json\/wp\/v2\/comments?post=3329"}],"version-history":[{"count":2,"href":"https:\/\/spangenberg-caba.infd.edu.ar\/sitio\/wp-json\/wp\/v2\/pages\/3329\/revisions"}],"predecessor-version":[{"id":3592,"href":"https:\/\/spangenberg-caba.infd.edu.ar\/sitio\/wp-json\/wp\/v2\/pages\/3329\/revisions\/3592"}],"wp:featuredmedia":[{"embeddable":true,"href":"https:\/\/spangenberg-caba.infd.edu.ar\/sitio\/wp-json\/wp\/v2\/media\/3134"}],"wp:attachment":[{"href":"https:\/\/spangenberg-caba.infd.edu.ar\/sitio\/wp-json\/wp\/v2\/media?parent=3329"}],"curies":[{"name":"wp","href":"https:\/\/api.w.org\/{rel}","templated":true}]}}