{"id":3339,"date":"2024-04-16T18:18:27","date_gmt":"2024-04-16T21:18:27","guid":{"rendered":"https:\/\/spangenberg-caba.infd.edu.ar\/sitio\/?page_id=3339"},"modified":"2025-09-04T00:53:58","modified_gmt":"2025-09-04T03:53:58","slug":"ingreso-2025-2","status":"publish","type":"page","link":"https:\/\/spangenberg-caba.infd.edu.ar\/sitio\/ingreso-2025-2\/","title":{"rendered":"Ingreso 2026"},"content":{"rendered":"\n<p>Ya est\u00e1n disponibles las fechas para los ex\u00e1menes de admisi\u00f3n 2026.<\/p>\n\n\n\n<p><strong><mark style=\"background-color:rgba(0, 0, 0, 0)\" class=\"has-inline-color has-accent-color\">INSCRIPCI\u00d3N AL EXAMEN<\/mark><\/strong><\/p>\n\n\n\n<p>Lunes 4&nbsp; de agosto de 2025 (desde las 8.30 hs.) al viernes 5 de septiembre de 2025 (hasta las 15:00 hs.)<\/p>\n\n\n\n<p>Haga <a href=\"https:\/\/docs.google.com\/forms\/d\/1hlehOMrBfJToDtRGKNzS86w3_KjS49FY-Tbd0GTw8Vk\/viewform?pli=1&amp;pli=1&amp;edit_requested=true\"><strong>click aqu\u00ed<\/strong><\/a> para acceder al formulario de inscripci\u00f3n.<\/p>\n\n\n\n<p>IMPORTANTE: tendr\u00e1 que adjuntar foto de DNI y foto de constancia de alumno regular actualizada.<\/p>\n\n\n\n<p><strong><mark style=\"background-color:rgba(0, 0, 0, 0)\" class=\"has-inline-color has-accent-color\">REALIZACI\u00d3N DEL EXAMEN<\/mark><\/strong><\/p>\n\n\n\n<p>Viernes 19 de septiembre de 2025, 8:00 hs en Juncal 3251<\/p>\n\n\n\n<p><strong><mark style=\"background-color:rgba(0, 0, 0, 0)\" class=\"has-inline-color has-accent-color\">RESULTADOS DEL EXAMEN<\/mark><\/strong><\/p>\n\n\n\n<p>Viernes 26 de septiembre de 2025, 13:00 hs en Juncal 3251<\/p>\n\n\n\n<p><strong><mark style=\"background-color:rgba(0, 0, 0, 0)\" class=\"has-inline-color has-accent-color\">SOLICITUD DE REVISI\u00d3N DEL EXAMEN<\/mark><\/strong><\/p>\n\n\n\n<p>Del 6 al 10 de octubre de 2025, escribiendo a &nbsp;ingresomediasbs@bue.edu.ar<\/p>\n\n\n\n<p><strong>RESPUESTA A LA SOLICITUD DE REVISI\u00d3N<\/strong><\/p>\n\n\n\n<p>Lunes 13 de octubre de 2025 de 15:30 a 17:00 hs en Juncal 3251<\/p>\n\n\n\n<p>\u00a1\u00c9xitos para todos y todas! Los\/as esperamos en el Leng\u00fcitas.<\/p>\n","protected":false},"excerpt":{"rendered":"<p>Ya est\u00e1n disponibles las fechas para los ex\u00e1menes de admisi\u00f3n 2026. INSCRIPCI\u00d3N AL EXAMEN Lunes 4&nbsp; de agosto de 2025 (desde las 8.30 hs.) al viernes 5 de septiembre de 2025 (hasta las 15:00 hs.) Haga click aqu\u00ed para acceder al formulario de inscripci\u00f3n. IMPORTANTE: tendr\u00e1 que adjuntar foto de DNI y foto de constancia &#8230; <a title=\"Ingreso 2026\" class=\"read-more\" href=\"https:\/\/spangenberg-caba.infd.edu.ar\/sitio\/ingreso-2025-2\/\" aria-label=\"More on Ingreso 2026\">[+]<\/a><\/p>\n","protected":false},"author":1749,"featured_media":0,"parent":0,"menu_order":0,"comment_status":"closed","ping_status":"closed","template":"","meta":[],"acf":[],"_links":{"self":[{"href":"https:\/\/spangenberg-caba.infd.edu.ar\/sitio\/wp-json\/wp\/v2\/pages\/3339"}],"collection":[{"href":"https:\/\/spangenberg-caba.infd.edu.ar\/sitio\/wp-json\/wp\/v2\/pages"}],"about":[{"href":"https:\/\/spangenberg-caba.infd.edu.ar\/sitio\/wp-json\/wp\/v2\/types\/page"}],"author":[{"embeddable":true,"href":"https:\/\/spangenberg-caba.infd.edu.ar\/sitio\/wp-json\/wp\/v2\/users\/1749"}],"replies":[{"embeddable":true,"href":"https:\/\/spangenberg-caba.infd.edu.ar\/sitio\/wp-json\/wp\/v2\/comments?post=3339"}],"version-history":[{"count":14,"href":"https:\/\/spangenberg-caba.infd.edu.ar\/sitio\/wp-json\/wp\/v2\/pages\/3339\/revisions"}],"predecessor-version":[{"id":4004,"href":"https:\/\/spangenberg-caba.infd.edu.ar\/sitio\/wp-json\/wp\/v2\/pages\/3339\/revisions\/4004"}],"wp:attachment":[{"href":"https:\/\/spangenberg-caba.infd.edu.ar\/sitio\/wp-json\/wp\/v2\/media?parent=3339"}],"curies":[{"name":"wp","href":"https:\/\/api.w.org\/{rel}","templated":true}]}}