{"id":3831,"date":"2025-03-27T18:36:19","date_gmt":"2025-03-27T21:36:19","guid":{"rendered":"https:\/\/spangenberg-caba.infd.edu.ar\/sitio\/?page_id=3831"},"modified":"2025-03-27T19:03:13","modified_gmt":"2025-03-27T22:03:13","slug":"admision","status":"publish","type":"page","link":"https:\/\/spangenberg-caba.infd.edu.ar\/sitio\/admision\/","title":{"rendered":"Admisi\u00f3n"},"content":{"rendered":"\n<figure class=\"wp-block-image\"><img decoding=\"async\" src=\"https:\/\/lh7-rt.googleusercontent.com\/docsz\/AD_4nXeZ8j0KvjBzAJxXNRYHceplyPpaZn_SDHyHlDlaUS-dvpv673lRtuFWyNk4K2BVlBlYV80fnuLAMuLR2YG2f7o4vwmf1abaLGoC5PjIBQgPrrE4MzDehWG2_IGSvwR8-H1KRWM9NrKdZUIsBblBJpJhUCls?key=T3APCLfcmJd8ia5fGo6rbw\" alt=\"\"\/><\/figure>\n\n\n\n<p>Ac\u00e1 podr\u00e1n consultar y descargar la pol\u00edtica de admisi\u00f3n del Bachillerato Internacional<\/p>\n\n\n\n<div class=\"wp-block-file\"><object class=\"wp-block-file__embed\" data=\"https:\/\/spangenberg-caba.infd.edu.ar\/sitio\/wp-content\/uploads\/2025\/03\/Politica-de-acceso-o-admision-de-alumnos-2025.docx.pdf\" type=\"application\/pdf\" style=\"width:100%;height:600px\" aria-label=\"Incrustado de Politica-de-acceso-o-admision-de-alumnos-2025.docx.\"><\/object><a id=\"wp-block-file--media-a7aa2bf6-46f8-492d-8f02-028444c78dfd\" href=\"https:\/\/spangenberg-caba.infd.edu.ar\/sitio\/wp-content\/uploads\/2025\/03\/Politica-de-acceso-o-admision-de-alumnos-2025.docx.pdf\">Politica-de-acceso-o-admision-de-alumnos-2025.docx<\/a><a href=\"https:\/\/spangenberg-caba.infd.edu.ar\/sitio\/wp-content\/uploads\/2025\/03\/Politica-de-acceso-o-admision-de-alumnos-2025.docx.pdf\" class=\"wp-block-file__button wp-element-button\" download aria-describedby=\"wp-block-file--media-a7aa2bf6-46f8-492d-8f02-028444c78dfd\">Descarga<\/a><\/div>\n\n\n\n<p><\/p>\n","protected":false},"excerpt":{"rendered":"<p>Ac\u00e1 podr\u00e1n consultar y descargar la pol\u00edtica de admisi\u00f3n del Bachillerato Internacional<\/p>\n","protected":false},"author":1749,"featured_media":0,"parent":0,"menu_order":0,"comment_status":"closed","ping_status":"closed","template":"","meta":[],"acf":[],"_links":{"self":[{"href":"https:\/\/spangenberg-caba.infd.edu.ar\/sitio\/wp-json\/wp\/v2\/pages\/3831"}],"collection":[{"href":"https:\/\/spangenberg-caba.infd.edu.ar\/sitio\/wp-json\/wp\/v2\/pages"}],"about":[{"href":"https:\/\/spangenberg-caba.infd.edu.ar\/sitio\/wp-json\/wp\/v2\/types\/page"}],"author":[{"embeddable":true,"href":"https:\/\/spangenberg-caba.infd.edu.ar\/sitio\/wp-json\/wp\/v2\/users\/1749"}],"replies":[{"embeddable":true,"href":"https:\/\/spangenberg-caba.infd.edu.ar\/sitio\/wp-json\/wp\/v2\/comments?post=3831"}],"version-history":[{"count":3,"href":"https:\/\/spangenberg-caba.infd.edu.ar\/sitio\/wp-json\/wp\/v2\/pages\/3831\/revisions"}],"predecessor-version":[{"id":3857,"href":"https:\/\/spangenberg-caba.infd.edu.ar\/sitio\/wp-json\/wp\/v2\/pages\/3831\/revisions\/3857"}],"wp:attachment":[{"href":"https:\/\/spangenberg-caba.infd.edu.ar\/sitio\/wp-json\/wp\/v2\/media?parent=3831"}],"curies":[{"name":"wp","href":"https:\/\/api.w.org\/{rel}","templated":true}]}}