{"id":3834,"date":"2025-03-27T18:40:32","date_gmt":"2025-03-27T21:40:32","guid":{"rendered":"https:\/\/spangenberg-caba.infd.edu.ar\/sitio\/?page_id=3834"},"modified":"2025-03-27T19:02:01","modified_gmt":"2025-03-27T22:02:01","slug":"evaluacion","status":"publish","type":"page","link":"https:\/\/spangenberg-caba.infd.edu.ar\/sitio\/evaluacion\/","title":{"rendered":"Evaluaci\u00f3n"},"content":{"rendered":"\n<figure class=\"wp-block-image\"><img decoding=\"async\" src=\"https:\/\/lh7-rt.googleusercontent.com\/docsz\/AD_4nXcskDGpuuDnATmjErcsxlpMEhATC222tqYaxfh3bsnI7KRQ02RxjqqyYCEhoYCBqZt92ezYIBoDYCkT43UVuiSk1BTKQ8LMmqiJsGfzFTPHxeVAkd3CXynjm5uR1T8Eu4peC2-LSme7mQpTkVWWrufpx1Y8?key=Eu6LzgGC4RehMzLB7B69gQ\" alt=\"\"\/><\/figure>\n\n\n\n<p>Ac\u00e1 podr\u00e1n consultar y descargar la pol\u00edtica de evaluaci\u00f3n del Bachillerato Internacional<\/p>\n\n\n\n<div class=\"wp-block-file\"><object class=\"wp-block-file__embed\" data=\"https:\/\/spangenberg-caba.infd.edu.ar\/sitio\/wp-content\/uploads\/2025\/03\/Politica-de-evaluacion-2025.docx.pdf\" type=\"application\/pdf\" style=\"width:100%;height:600px\" aria-label=\"Incrustado de Politica-de-evaluacion-2025.docx.\"><\/object><a id=\"wp-block-file--media-7be95248-841e-4784-9ab7-6ab0ec9317bc\" href=\"https:\/\/spangenberg-caba.infd.edu.ar\/sitio\/wp-content\/uploads\/2025\/03\/Politica-de-evaluacion-2025.docx.pdf\">Politica-de-evaluacion-2025.docx<\/a><a href=\"https:\/\/spangenberg-caba.infd.edu.ar\/sitio\/wp-content\/uploads\/2025\/03\/Politica-de-evaluacion-2025.docx.pdf\" class=\"wp-block-file__button wp-element-button\" download aria-describedby=\"wp-block-file--media-7be95248-841e-4784-9ab7-6ab0ec9317bc\">Descarga<\/a><\/div>\n","protected":false},"excerpt":{"rendered":"<p>Ac\u00e1 podr\u00e1n consultar y descargar la pol\u00edtica de evaluaci\u00f3n del Bachillerato Internacional<\/p>\n","protected":false},"author":1749,"featured_media":0,"parent":0,"menu_order":0,"comment_status":"closed","ping_status":"closed","template":"","meta":[],"acf":[],"_links":{"self":[{"href":"https:\/\/spangenberg-caba.infd.edu.ar\/sitio\/wp-json\/wp\/v2\/pages\/3834"}],"collection":[{"href":"https:\/\/spangenberg-caba.infd.edu.ar\/sitio\/wp-json\/wp\/v2\/pages"}],"about":[{"href":"https:\/\/spangenberg-caba.infd.edu.ar\/sitio\/wp-json\/wp\/v2\/types\/page"}],"author":[{"embeddable":true,"href":"https:\/\/spangenberg-caba.infd.edu.ar\/sitio\/wp-json\/wp\/v2\/users\/1749"}],"replies":[{"embeddable":true,"href":"https:\/\/spangenberg-caba.infd.edu.ar\/sitio\/wp-json\/wp\/v2\/comments?post=3834"}],"version-history":[{"count":3,"href":"https:\/\/spangenberg-caba.infd.edu.ar\/sitio\/wp-json\/wp\/v2\/pages\/3834\/revisions"}],"predecessor-version":[{"id":3856,"href":"https:\/\/spangenberg-caba.infd.edu.ar\/sitio\/wp-json\/wp\/v2\/pages\/3834\/revisions\/3856"}],"wp:attachment":[{"href":"https:\/\/spangenberg-caba.infd.edu.ar\/sitio\/wp-json\/wp\/v2\/media?parent=3834"}],"curies":[{"name":"wp","href":"https:\/\/api.w.org\/{rel}","templated":true}]}}