{"id":3917,"date":"2025-05-21T17:45:33","date_gmt":"2025-05-21T20:45:33","guid":{"rendered":"https:\/\/spangenberg-caba.infd.edu.ar\/sitio\/?page_id=3917"},"modified":"2025-05-21T17:54:11","modified_gmt":"2025-05-21T20:54:11","slug":"talleres-2025","status":"publish","type":"page","link":"https:\/\/spangenberg-caba.infd.edu.ar\/sitio\/talleres-2025\/","title":{"rendered":"Talleres 2025"},"content":{"rendered":"\n<p>Compartimos con toda la comunidad del nivel medio, los talleres previstos para este a\u00f1o. Para inscribirse, descargar y completar el siguiente <a href=\"https:\/\/drive.google.com\/file\/d\/1F81KJ5Kg0-kGUX6lEhJbSm2TMN8pDCi8\/view?usp=sharing\">formulario<\/a><\/p>\n\n\n\n<p>Tambi\u00e9n pueden descargar toda la oferta de talleres, haciendo click <a href=\"https:\/\/drive.google.com\/file\/d\/1bxzQDGmBErKtVYUNOAqOX4NgZhLW0ypR\/view?usp=sharing\">ac\u00e1<\/a><\/p>\n\n\n\n<figure class=\"wp-block-image size-medium\"><img decoding=\"async\" loading=\"lazy\" width=\"707\" height=\"1000\" src=\"https:\/\/spangenberg-caba.infd.edu.ar\/sitio\/wp-content\/uploads\/2025\/05\/TALLERES-2025-707x1000.jpg\" alt=\"\" class=\"wp-image-3918\" srcset=\"https:\/\/spangenberg-caba.infd.edu.ar\/sitio\/wp-content\/uploads\/2025\/05\/TALLERES-2025-707x1000.jpg 707w, https:\/\/spangenberg-caba.infd.edu.ar\/sitio\/wp-content\/uploads\/2025\/05\/TALLERES-2025-1343x1900.jpg 1343w, https:\/\/spangenberg-caba.infd.edu.ar\/sitio\/wp-content\/uploads\/2025\/05\/TALLERES-2025-768x1086.jpg 768w, https:\/\/spangenberg-caba.infd.edu.ar\/sitio\/wp-content\/uploads\/2025\/05\/TALLERES-2025-1086x1536.jpg 1086w, https:\/\/spangenberg-caba.infd.edu.ar\/sitio\/wp-content\/uploads\/2025\/05\/TALLERES-2025-1448x2048.jpg 1448w, https:\/\/spangenberg-caba.infd.edu.ar\/sitio\/wp-content\/uploads\/2025\/05\/TALLERES-2025.jpg 1587w\" sizes=\"(max-width: 707px) 100vw, 707px\" \/><\/figure>\n\n\n\n<figure class=\"wp-block-image size-medium\"><img decoding=\"async\" loading=\"lazy\" width=\"707\" height=\"1000\" src=\"https:\/\/spangenberg-caba.infd.edu.ar\/sitio\/wp-content\/uploads\/2025\/05\/TALLERES-2025-2-1-707x1000.jpg\" alt=\"\" class=\"wp-image-3920\" srcset=\"https:\/\/spangenberg-caba.infd.edu.ar\/sitio\/wp-content\/uploads\/2025\/05\/TALLERES-2025-2-1-707x1000.jpg 707w, https:\/\/spangenberg-caba.infd.edu.ar\/sitio\/wp-content\/uploads\/2025\/05\/TALLERES-2025-2-1-1343x1900.jpg 1343w, https:\/\/spangenberg-caba.infd.edu.ar\/sitio\/wp-content\/uploads\/2025\/05\/TALLERES-2025-2-1-768x1086.jpg 768w, https:\/\/spangenberg-caba.infd.edu.ar\/sitio\/wp-content\/uploads\/2025\/05\/TALLERES-2025-2-1-1086x1536.jpg 1086w, https:\/\/spangenberg-caba.infd.edu.ar\/sitio\/wp-content\/uploads\/2025\/05\/TALLERES-2025-2-1-1448x2048.jpg 1448w, https:\/\/spangenberg-caba.infd.edu.ar\/sitio\/wp-content\/uploads\/2025\/05\/TALLERES-2025-2-1.jpg 1587w\" sizes=\"(max-width: 707px) 100vw, 707px\" \/><\/figure>\n\n\n\n<figure class=\"wp-block-image size-medium\"><img decoding=\"async\" loading=\"lazy\" width=\"707\" height=\"1000\" src=\"https:\/\/spangenberg-caba.infd.edu.ar\/sitio\/wp-content\/uploads\/2025\/05\/TALLERES-2025-3-707x1000.jpg\" alt=\"\" class=\"wp-image-3921\" srcset=\"https:\/\/spangenberg-caba.infd.edu.ar\/sitio\/wp-content\/uploads\/2025\/05\/TALLERES-2025-3-707x1000.jpg 707w, https:\/\/spangenberg-caba.infd.edu.ar\/sitio\/wp-content\/uploads\/2025\/05\/TALLERES-2025-3-1343x1900.jpg 1343w, https:\/\/spangenberg-caba.infd.edu.ar\/sitio\/wp-content\/uploads\/2025\/05\/TALLERES-2025-3-768x1086.jpg 768w, https:\/\/spangenberg-caba.infd.edu.ar\/sitio\/wp-content\/uploads\/2025\/05\/TALLERES-2025-3-1086x1536.jpg 1086w, https:\/\/spangenberg-caba.infd.edu.ar\/sitio\/wp-content\/uploads\/2025\/05\/TALLERES-2025-3-1448x2048.jpg 1448w, https:\/\/spangenberg-caba.infd.edu.ar\/sitio\/wp-content\/uploads\/2025\/05\/TALLERES-2025-3.jpg 1587w\" sizes=\"(max-width: 707px) 100vw, 707px\" \/><\/figure>\n","protected":false},"excerpt":{"rendered":"<p>Compartimos con toda la comunidad del nivel medio, los talleres previstos para este a\u00f1o. Para inscribirse, descargar y completar el siguiente formulario Tambi\u00e9n pueden descargar toda la oferta de talleres, haciendo click ac\u00e1<\/p>\n","protected":false},"author":1749,"featured_media":0,"parent":0,"menu_order":0,"comment_status":"closed","ping_status":"closed","template":"","meta":[],"acf":[],"_links":{"self":[{"href":"https:\/\/spangenberg-caba.infd.edu.ar\/sitio\/wp-json\/wp\/v2\/pages\/3917"}],"collection":[{"href":"https:\/\/spangenberg-caba.infd.edu.ar\/sitio\/wp-json\/wp\/v2\/pages"}],"about":[{"href":"https:\/\/spangenberg-caba.infd.edu.ar\/sitio\/wp-json\/wp\/v2\/types\/page"}],"author":[{"embeddable":true,"href":"https:\/\/spangenberg-caba.infd.edu.ar\/sitio\/wp-json\/wp\/v2\/users\/1749"}],"replies":[{"embeddable":true,"href":"https:\/\/spangenberg-caba.infd.edu.ar\/sitio\/wp-json\/wp\/v2\/comments?post=3917"}],"version-history":[{"count":4,"href":"https:\/\/spangenberg-caba.infd.edu.ar\/sitio\/wp-json\/wp\/v2\/pages\/3917\/revisions"}],"predecessor-version":[{"id":3928,"href":"https:\/\/spangenberg-caba.infd.edu.ar\/sitio\/wp-json\/wp\/v2\/pages\/3917\/revisions\/3928"}],"wp:attachment":[{"href":"https:\/\/spangenberg-caba.infd.edu.ar\/sitio\/wp-json\/wp\/v2\/media?parent=3917"}],"curies":[{"name":"wp","href":"https:\/\/api.w.org\/{rel}","templated":true}]}}